{"id":328,"date":"2020-10-08T12:19:22","date_gmt":"2020-10-08T12:19:22","guid":{"rendered":"https:\/\/digimittelschule2badgoisern.at\/?page_id=328"},"modified":"2022-09-30T13:10:42","modified_gmt":"2022-09-30T13:10:42","slug":"schul-und-hausordnung","status":"publish","type":"page","link":"https:\/\/digimittelschule2badgoisern.at\/?page_id=328","title":{"rendered":"Schul-\/Hausordnung"},"content":{"rendered":"\t\t<div data-elementor-type=\"wp-page\" data-elementor-id=\"328\" class=\"elementor elementor-328\" data-elementor-post-type=\"page\">\n\t\t\t\t\t\t<section class=\"elementor-section elementor-top-section elementor-element elementor-element-9f5b7d0 elementor-section-boxed elementor-section-height-default elementor-section-height-default\" data-id=\"9f5b7d0\" data-element_type=\"section\">\n\t\t\t\t\t\t<div class=\"elementor-container elementor-column-gap-default\">\n\t\t\t\t\t<div class=\"elementor-column elementor-col-100 elementor-top-column elementor-element elementor-element-055d257\" data-id=\"055d257\" data-element_type=\"column\">\n\t\t\t<div class=\"elementor-widget-wrap elementor-element-populated\">\n\t\t\t\t\t\t<div class=\"elementor-element elementor-element-2ced716 elementor-widget elementor-widget-text-editor\" data-id=\"2ced716\" data-element_type=\"widget\" data-widget_type=\"text-editor.default\">\n\t\t\t\t<div class=\"elementor-widget-container\">\n\t\t\t\t\t\t\t<h1 style=\"text-align: center;\"><span style=\"text-decoration: underline;\"><span style=\"color: #000000;\"><strong>S C H U L O R D N U N G<\/strong><\/span><\/span><\/h1><ul style=\"text-align: left;\"><li><span style=\"color: #000000;\">Ich bereite mich<strong> in der Klasse<\/strong> f\u00fcnf Minuten vor jeder Stunde auf den Unterricht vor.<br \/><\/span><\/li><li><span style=\"color: #000000;\">Es geh\u00f6rt zu meinen Pflichten, die notwendigen Schulsachen bereitzustellen und in Ordnung zu halten.<br \/><\/span><\/li><li><span style=\"color: #000000;\">Wir legen Wert auf h\u00f6fliche Umgangsformen, <strong>gr\u00fc\u00dfen freundlich<\/strong> und stehen auf, wenn eine Lehrerin\/ein Lehrer die Klasse betritt.<\/span><\/li><li><span style=\"color: #000000;\">Hausschuhpflicht herrscht in der Schulk\u00fcche und im Werkunterricht!<\/span><\/li><li><span style=\"color: #000000;\">W\u00e4hrend des Unterrichts und in den Pausen verlassen wir keinesfalls ohne Genehmigung die Schule.<\/span><\/li><li><span style=\"color: #000000;\">Kein Kaugummi in unserer Schule!<\/span><\/li><li><span style=\"color: #000000;\">Energydrinks sind an unserer Schule unerw\u00fcnscht!<\/span><\/li><li><span style=\"color: #000000;\">Der Vorplatz der Schule darf nicht befahren werden!<\/span><\/li><li><span style=\"color: #000000;\">Ich habe den Anweisungen des Schulpersonals Folge zu leisten.<\/span><\/li><li><span style=\"color: #000000;\">Das Handy ist w\u00e4hrend des Unterrichts ausgeschaltet und wird im Spind oder in der Schultasche verwahrt!<\/span><\/li><li><span style=\"color: #000000;\">Nasse Kleidung und Schuhe geh\u00f6ren nicht in den Spind.<\/span><\/li><li><span style=\"color: #000000;\">Lebensmittel (Essen und Getr\u00e4nke) sind regelm\u00e4\u00dfig auszur\u00e4umen.<\/span><\/li><li><span style=\"color: #000000;\">Jede Sch\u00fclerin\/jeder Sch\u00fcler ist f\u00fcr die sichere Verwahrung der Wertgegenst\u00e4nde selber verantwortlich.<\/span><\/li><li><span style=\"color: #000000;\"><span style=\"color: #000000;\"><span style=\"color: #000000;\"><strong><span style=\"color: #339966;\">F\u00fcr eine gut funktionierende Schulgemeinschaft ist es wichtig, Verst\u00e4ndnis f\u00fcreinander aufzubringen!<\/span><\/strong><\/span><\/span><\/span><p>\u00a0<\/p><\/li><\/ul><h1 style=\"text-align: center;\"><span style=\"color: #000000;\"><span style=\"text-decoration: underline;\">H A U S O R D N U N G<\/span><br \/><\/span><\/h1><p><span style=\"color: #000000;\"><strong>1. Aufsichtspflicht<\/strong><\/span><\/p><p><span style=\"color: #000000;\">\u2022 15 Minuten vor Beginn des Unterrichts <\/span><br \/><span style=\"color: #000000;\">\u2022 Zeit des Unterrichts <\/span><br \/><span style=\"color: #000000;\">\u2022 s\u00e4mtliche Pausen mit Ausnahme der Mittagspause, das ist die Zeit zwischen dem Vormittags- und dem Nachmittagsunterricht <\/span><br \/><span style=\"color: #000000;\">\u2022 Zeitraum w\u00e4hrend des Verlassens der Schule unmittelbar nach Beendigung des Unterrichts <\/span><br \/><span style=\"color: #000000;\">\u2022 Zeitraum einer Schulveranstaltung <\/span><br \/><span style=\"color: #000000;\">\u2022 Zeitraum einer schulbezogenen Veranstaltung <\/span><br \/><span style=\"color: #000000;\">\u2022 Zeitraum einer Berufsbildungsorientierung<\/span><\/p><p><span style=\"color: #000000;\"><strong>2. Unterrichtseinheiten<\/strong><\/span><\/p><p><span style=\"color: #000000;\">1. Einheit: 07:35 \u2013 08:25 Uhr <\/span><br \/><span style=\"color: #000000;\">2. Einheit: 08:30 \u2013 09:20 Uhr<\/span><br \/><span style=\"color: #000000;\">3. Einheit: 09:25 \u2013 10:15 Uhr<\/span><br \/><span style=\"color: #000000;\">4. Einheit: 10:35 \u2013 11:25 Uhr <\/span><br \/><span style=\"color: #000000;\">5. Einheit: 11:30 \u2013 12:20 Uhr<\/span><br \/><span style=\"color: #000000;\">Mittagspause: 12:20 \u2013 13:20 Uhr <\/span><br \/><span style=\"color: #000000;\">Einheit MP: 12:25 \u2013 13:15 Uhr <\/span><br \/><span style=\"color: #000000;\">6. Einheit: 13:20 \u2013 14:10 Uhr<\/span><br \/><span style=\"color: #000000;\">7. Einheit: 14:15 \u2013 15:05 Uhr<\/span><br \/><span style=\"color: #000000;\">8. Einheit: 15:15 \u2013 16:05 Uhr<\/span><\/p><p><span style=\"color: #000000;\"><strong>3. Zus\u00e4tzliche Aufsicht<\/strong><\/span><\/p><p><span style=\"text-decoration: underline; color: #000000;\">3.1 Aufsicht in der Fr\u00fch<\/span><br \/><span style=\"color: #000000;\">\u2022 07:00 Uhr \u2013 Aufsperren des Schulgeb\u00e4udes<\/span><br \/><span style=\"color: #000000;\">\u2022 07:00 Uhr \u2013 07:20 Uhr \u2013 Beaufsichtigung der Sch\u00fclerinnen und Sch\u00fcler <\/span><br \/><span style=\"color: #000000;\">durch Organe der Gemeinde<br \/><\/span><br \/><span style=\"text-decoration: underline; color: #000000;\">3.2 Unterrichtsbeginn in der 2. Einheit <\/span><br \/><span style=\"color: #000000;\">Beginnt f\u00fcr einzelne Klassen oder Sch\u00fclergruppen der Unterricht erst in der 2. Einheit, also um 08:30 Uhr, wird die jeweilige Gruppe von 08:15 \u2013 08:30 Uhr beaufsichtigt. <br \/><\/span><br \/><span style=\"text-decoration: underline; color: #000000;\">3.3 Mittagspause<\/span><br \/><span style=\"color: #000000;\">\u2022 Beaufsichtigung der Sch\u00fclerinnen und Sch\u00fcler in der Mittagspause im Schulhaus (Erdgescho\u00df und 1. Stock) von 12:20 \u2013 13:20 Uhr durch Organe der Gemeinde<\/span><br \/><span style=\"color: #000000;\">\u2022 Beaufsichtigung der SPF-Kinder in der Mittagspause nach Anmeldung durch die Eltern<\/span><br \/><span style=\"color: #000000;\"><strong>Anmerkung:<\/strong> Bei Sch\u00f6nwetter sollten die Sch\u00fclerinnen und Sch\u00fcler die Mittagspause unbedingt im Freien verbringen (Frischluftzufuhr, Pflege der sozialen Kontakte etc.)! <strong><br \/>Sonderregelung:<\/strong> Mittagspause von 11:30 \u2013 12:25 Uhr \u2013 Sch\u00fclerinnen und Sch\u00fcler der 1. und 2. Klassen, die in der Schule anwesend sind, werden in einer Klasse beaufsichtigt.<br \/><\/span><br \/><span style=\"text-decoration: underline; color: #000000;\">3.4 Unterrichtsfreie Stunden w\u00e4hrend des Vormittags- bzw. Nachmittagsunterrichts<\/span><br \/><span style=\"color: #000000;\">W\u00e4hrend des Vormittags- bzw. Nachmittagsunterrichts (einschlie\u00dflich der Pausen) darf die Sch\u00fclerin\/der Sch\u00fcler das Schulgeb\u00e4ude oder einen anderen Unterrichtsort nur mit Genehmigung der aufsichtsf\u00fchrenden Lehrperson oder der Schulleiterin verlassen. Dies gilt f\u00fcr unterrichtsfreie Stunden w\u00e4hrend des Vormittags- bzw. Nachmittagsunterrichts, Schulveranstaltungen und schulbezogene Veranstaltungen.<\/span><\/p>\t\t\t\t\t\t<\/div>\n\t\t\t\t<\/div>\n\t\t\t\t\t<\/div>\n\t\t<\/div>\n\t\t\t\t\t<\/div>\n\t\t<\/section>\n\t\t\t\t<\/div>\n\t\t","protected":false},"excerpt":{"rendered":"<p>S C H U L O R D N U N G Ich bereite mich in der Klasse f\u00fcnf Minuten vor jeder Stunde auf den Unterricht vor. Es geh\u00f6rt zu meinen Pflichten, die notwendigen Schulsachen bereitzustellen und in Ordnung zu halten. Wir legen Wert auf h\u00f6fliche Umgangsformen, gr\u00fc\u00dfen freundlich und stehen auf, wenn eine Lehrerin\/ein [&hellip;]<\/p>\n","protected":false},"author":1,"featured_media":0,"parent":0,"menu_order":0,"comment_status":"closed","ping_status":"closed","template":"","meta":{"ocean_post_layout":"","ocean_both_sidebars_style":"","ocean_both_sidebars_content_width":0,"ocean_both_sidebars_sidebars_width":0,"ocean_sidebar":"0","ocean_second_sidebar":"0","ocean_disable_margins":"enable","ocean_add_body_class":"","ocean_shortcode_before_top_bar":"","ocean_shortcode_after_top_bar":"","ocean_shortcode_before_header":"","ocean_shortcode_after_header":"","ocean_has_shortcode":"","ocean_shortcode_after_title":"","ocean_shortcode_before_footer_widgets":"","ocean_shortcode_after_footer_widgets":"","ocean_shortcode_before_footer_bottom":"","ocean_shortcode_after_footer_bottom":"","ocean_display_top_bar":"default","ocean_display_header":"default","ocean_header_style":"","ocean_center_header_left_menu":"0","ocean_custom_header_template":"0","ocean_custom_logo":0,"ocean_custom_retina_logo":0,"ocean_custom_logo_max_width":0,"ocean_custom_logo_tablet_max_width":0,"ocean_custom_logo_mobile_max_width":0,"ocean_custom_logo_max_height":0,"ocean_custom_logo_tablet_max_height":0,"ocean_custom_logo_mobile_max_height":0,"ocean_header_custom_menu":"0","ocean_menu_typo_font_family":"0","ocean_menu_typo_font_subset":"","ocean_menu_typo_font_size":0,"ocean_menu_typo_font_size_tablet":0,"ocean_menu_typo_font_size_mobile":0,"ocean_menu_typo_font_size_unit":"px","ocean_menu_typo_font_weight":"","ocean_menu_typo_font_weight_tablet":"","ocean_menu_typo_font_weight_mobile":"","ocean_menu_typo_transform":"","ocean_menu_typo_transform_tablet":"","ocean_menu_typo_transform_mobile":"","ocean_menu_typo_line_height":0,"ocean_menu_typo_line_height_tablet":0,"ocean_menu_typo_line_height_mobile":0,"ocean_menu_typo_line_height_unit":"","ocean_menu_typo_spacing":0,"ocean_menu_typo_spacing_tablet":0,"ocean_menu_typo_spacing_mobile":0,"ocean_menu_typo_spacing_unit":"","ocean_menu_link_color":"","ocean_menu_link_color_hover":"","ocean_menu_link_color_active":"","ocean_menu_link_background":"","ocean_menu_link_hover_background":"","ocean_menu_link_active_background":"","ocean_menu_social_links_bg":"","ocean_menu_social_hover_links_bg":"","ocean_menu_social_links_color":"","ocean_menu_social_hover_links_color":"","ocean_disable_title":"default","ocean_disable_heading":"default","ocean_post_title":"","ocean_post_subheading":"","ocean_post_title_style":"","ocean_post_title_background_color":"","ocean_post_title_background":0,"ocean_post_title_bg_image_position":"","ocean_post_title_bg_image_attachment":"","ocean_post_title_bg_image_repeat":"","ocean_post_title_bg_image_size":"","ocean_post_title_height":0,"ocean_post_title_bg_overlay":0.5,"ocean_post_title_bg_overlay_color":"","ocean_disable_breadcrumbs":"default","ocean_breadcrumbs_color":"","ocean_breadcrumbs_separator_color":"","ocean_breadcrumbs_links_color":"","ocean_breadcrumbs_links_hover_color":"","ocean_display_footer_widgets":"default","ocean_display_footer_bottom":"default","ocean_custom_footer_template":"0","footnotes":""},"class_list":["post-328","page","type-page","status-publish","hentry","entry"],"_links":{"self":[{"href":"https:\/\/digimittelschule2badgoisern.at\/index.php?rest_route=\/wp\/v2\/pages\/328","targetHints":{"allow":["GET"]}}],"collection":[{"href":"https:\/\/digimittelschule2badgoisern.at\/index.php?rest_route=\/wp\/v2\/pages"}],"about":[{"href":"https:\/\/digimittelschule2badgoisern.at\/index.php?rest_route=\/wp\/v2\/types\/page"}],"author":[{"embeddable":true,"href":"https:\/\/digimittelschule2badgoisern.at\/index.php?rest_route=\/wp\/v2\/users\/1"}],"replies":[{"embeddable":true,"href":"https:\/\/digimittelschule2badgoisern.at\/index.php?rest_route=%2Fwp%2Fv2%2Fcomments&post=328"}],"version-history":[{"count":19,"href":"https:\/\/digimittelschule2badgoisern.at\/index.php?rest_route=\/wp\/v2\/pages\/328\/revisions"}],"predecessor-version":[{"id":4824,"href":"https:\/\/digimittelschule2badgoisern.at\/index.php?rest_route=\/wp\/v2\/pages\/328\/revisions\/4824"}],"wp:attachment":[{"href":"https:\/\/digimittelschule2badgoisern.at\/index.php?rest_route=%2Fwp%2Fv2%2Fmedia&parent=328"}],"curies":[{"name":"wp","href":"https:\/\/api.w.org\/{rel}","templated":true}]}}