{"id":39,"date":"2020-08-25T16:48:59","date_gmt":"2020-08-25T16:48:59","guid":{"rendered":"https:\/\/digimittelschule2badgoisern.at\/?page_id=39"},"modified":"2023-02-17T07:52:22","modified_gmt":"2023-02-17T07:52:22","slug":"soziales-lernen","status":"publish","type":"page","link":"https:\/\/digimittelschule2badgoisern.at\/?page_id=39","title":{"rendered":"Soziales Lernen"},"content":{"rendered":"\t\t<div data-elementor-type=\"wp-page\" data-elementor-id=\"39\" class=\"elementor elementor-39\" data-elementor-post-type=\"page\">\n\t\t\t\t\t\t<section class=\"elementor-section elementor-top-section elementor-element elementor-element-d895e58 elementor-section-boxed elementor-section-height-default elementor-section-height-default\" data-id=\"d895e58\" data-element_type=\"section\">\n\t\t\t\t\t\t<div class=\"elementor-container elementor-column-gap-default\">\n\t\t\t\t\t<div class=\"elementor-column elementor-col-100 elementor-top-column elementor-element elementor-element-b7adc96\" data-id=\"b7adc96\" data-element_type=\"column\">\n\t\t\t<div class=\"elementor-widget-wrap elementor-element-populated\">\n\t\t\t\t\t\t<div class=\"elementor-element elementor-element-2809368 elementor-widget elementor-widget-text-editor\" data-id=\"2809368\" data-element_type=\"widget\" data-widget_type=\"text-editor.default\">\n\t\t\t\t<div class=\"elementor-widget-container\">\n\t\t\t\t\t\t\t<p><span style=\"color: #000000;\"><strong>Soziales Lernen<\/strong> spielt an unserer Schule eine bedeutende Rolle. Wir legen sehr viel Wert auf einen respektvollen Umgang und ein h\u00f6fliches Miteinander.<\/span><\/p><p><span style=\"color: #000000;\">In den ersten beiden Klassen wird eine Wochenstunde daf\u00fcr verwendet. Soziale Interaktivit\u00e4ten und Spiele, Austausch im Kreis sowie l\u00f6sungsorientierte Konfliktbew\u00e4ltigung stehen dabei im Fokus.<\/span><\/p><p><span style=\"color: #000000;\">F\u00fcr gemeinsame Aktivit\u00e4ten z.B. im Freien eignen sich Wandertage, Lehrausg\u00e4nge und Exkursionen besonders gut.\u00a0<\/span><\/p><p><span style=\"color: #000000;\">Die Klassenvorst\u00e4nde absolvieren eine mehrt\u00e4gige Fortbildung in Linz zum Thema Suchtpr\u00e4vention, die f\u00fcr unsere Altersgruppe enorm wichtig ist (PLUS, \u00d6sterreichisches Pr\u00e4ventionsprogramm f\u00fcr die 5. bis 8. Schulstufe).<\/span><\/p>\t\t\t\t\t\t<\/div>\n\t\t\t\t<\/div>\n\t\t\t\t\t<\/div>\n\t\t<\/div>\n\t\t\t\t\t<\/div>\n\t\t<\/section>\n\t\t\t\t<section class=\"elementor-section elementor-top-section elementor-element elementor-element-7b99c29 elementor-section-boxed elementor-section-height-default elementor-section-height-default\" data-id=\"7b99c29\" data-element_type=\"section\">\n\t\t\t\t\t\t<div class=\"elementor-container elementor-column-gap-default\">\n\t\t\t\t\t<div class=\"elementor-column elementor-col-100 elementor-top-column elementor-element elementor-element-3a4e12e\" data-id=\"3a4e12e\" data-element_type=\"column\">\n\t\t\t<div class=\"elementor-widget-wrap elementor-element-populated\">\n\t\t\t\t\t\t<div class=\"elementor-element elementor-element-95f4e9a elementor-widget elementor-widget-gallery\" data-id=\"95f4e9a\" data-element_type=\"widget\" data-settings=\"{&quot;gap&quot;:{&quot;unit&quot;:&quot;px&quot;,&quot;size&quot;:20,&quot;sizes&quot;:[]},&quot;lazyload&quot;:&quot;yes&quot;,&quot;gallery_layout&quot;:&quot;grid&quot;,&quot;columns&quot;:4,&quot;columns_tablet&quot;:2,&quot;columns_mobile&quot;:1,&quot;gap_tablet&quot;:{&quot;unit&quot;:&quot;px&quot;,&quot;size&quot;:10,&quot;sizes&quot;:[]},&quot;gap_mobile&quot;:{&quot;unit&quot;:&quot;px&quot;,&quot;size&quot;:10,&quot;sizes&quot;:[]},&quot;link_to&quot;:&quot;file&quot;,&quot;aspect_ratio&quot;:&quot;3:2&quot;,&quot;overlay_background&quot;:&quot;yes&quot;,&quot;content_hover_animation&quot;:&quot;fade-in&quot;}\" data-widget_type=\"gallery.default\">\n\t\t\t\t<div class=\"elementor-widget-container\">\n\t\t\t\t\t<div class=\"elementor-gallery__container\">\n\t\t\t\t\t\t\t<a class=\"e-gallery-item elementor-gallery-item elementor-animated-content\" href=\"https:\/\/digimittelschule2badgoisern.at\/wp-content\/uploads\/2022\/09\/Soziales-Lernen-Turm-1-scaled.jpg\" data-elementor-open-lightbox=\"yes\" data-elementor-lightbox-slideshow=\"95f4e9a\" data-elementor-lightbox-title=\"Soziales Lernen- Turm (1)\" data-e-action-hash=\"#elementor-action%3Aaction%3Dlightbox%26settings%3DeyJpZCI6NDc2OSwidXJsIjoiaHR0cHM6XC9cL2RpZ2ltaXR0ZWxzY2h1bGUyYmFkZ29pc2Vybi5hdFwvd3AtY29udGVudFwvdXBsb2Fkc1wvMjAyMlwvMDlcL1NvemlhbGVzLUxlcm5lbi1UdXJtLTEtc2NhbGVkLmpwZyIsInNsaWRlc2hvdyI6Ijk1ZjRlOWEifQ%3D%3D\">\n\t\t\t\t\t<div class=\"e-gallery-image elementor-gallery-item__image\" data-thumbnail=\"https:\/\/digimittelschule2badgoisern.at\/wp-content\/uploads\/2022\/09\/Soziales-Lernen-Turm-1-300x225.jpg\" data-width=\"300\" data-height=\"225\" aria-label=\"\" role=\"img\" ><\/div>\n\t\t\t\t\t\t\t\t\t\t\t<div class=\"elementor-gallery-item__overlay\"><\/div>\n\t\t\t\t\t\t\t\t\t\t\t\t\t\t<\/a>\n\t\t\t\t\t\t\t<a class=\"e-gallery-item elementor-gallery-item elementor-animated-content\" href=\"https:\/\/digimittelschule2badgoisern.at\/wp-content\/uploads\/2022\/09\/Soziales-Lernen-Turm-3-scaled.jpg\" data-elementor-open-lightbox=\"yes\" data-elementor-lightbox-slideshow=\"95f4e9a\" data-elementor-lightbox-title=\"Soziales Lernen- Turm (3)\" data-e-action-hash=\"#elementor-action%3Aaction%3Dlightbox%26settings%3DeyJpZCI6NDc3MSwidXJsIjoiaHR0cHM6XC9cL2RpZ2ltaXR0ZWxzY2h1bGUyYmFkZ29pc2Vybi5hdFwvd3AtY29udGVudFwvdXBsb2Fkc1wvMjAyMlwvMDlcL1NvemlhbGVzLUxlcm5lbi1UdXJtLTMtc2NhbGVkLmpwZyIsInNsaWRlc2hvdyI6Ijk1ZjRlOWEifQ%3D%3D\">\n\t\t\t\t\t<div class=\"e-gallery-image elementor-gallery-item__image\" data-thumbnail=\"https:\/\/digimittelschule2badgoisern.at\/wp-content\/uploads\/2022\/09\/Soziales-Lernen-Turm-3-300x225.jpg\" data-width=\"300\" data-height=\"225\" aria-label=\"\" role=\"img\" ><\/div>\n\t\t\t\t\t\t\t\t\t\t\t<div class=\"elementor-gallery-item__overlay\"><\/div>\n\t\t\t\t\t\t\t\t\t\t\t\t\t\t<\/a>\n\t\t\t\t\t\t\t<a class=\"e-gallery-item elementor-gallery-item elementor-animated-content\" href=\"https:\/\/digimittelschule2badgoisern.at\/wp-content\/uploads\/2023\/02\/SL_Turm-2-scaled.jpg\" data-elementor-open-lightbox=\"yes\" data-elementor-lightbox-slideshow=\"95f4e9a\" data-elementor-lightbox-title=\"SL_Turm (2)\" data-e-action-hash=\"#elementor-action%3Aaction%3Dlightbox%26settings%3DeyJpZCI6NTMyNSwidXJsIjoiaHR0cHM6XC9cL2RpZ2ltaXR0ZWxzY2h1bGUyYmFkZ29pc2Vybi5hdFwvd3AtY29udGVudFwvdXBsb2Fkc1wvMjAyM1wvMDJcL1NMX1R1cm0tMi1zY2FsZWQuanBnIiwic2xpZGVzaG93IjoiOTVmNGU5YSJ9\">\n\t\t\t\t\t<div class=\"e-gallery-image elementor-gallery-item__image\" data-thumbnail=\"https:\/\/digimittelschule2badgoisern.at\/wp-content\/uploads\/2023\/02\/SL_Turm-2-225x300.jpg\" data-width=\"225\" data-height=\"300\" aria-label=\"\" role=\"img\" ><\/div>\n\t\t\t\t\t\t\t\t\t\t\t<div class=\"elementor-gallery-item__overlay\"><\/div>\n\t\t\t\t\t\t\t\t\t\t\t\t\t\t<\/a>\n\t\t\t\t\t\t\t<a class=\"e-gallery-item elementor-gallery-item elementor-animated-content\" href=\"https:\/\/digimittelschule2badgoisern.at\/wp-content\/uploads\/2023\/02\/soziales-Lernen-6-scaled.jpg\" data-elementor-open-lightbox=\"yes\" data-elementor-lightbox-slideshow=\"95f4e9a\" data-elementor-lightbox-title=\"soziales Lernen (6)\" data-e-action-hash=\"#elementor-action%3Aaction%3Dlightbox%26settings%3DeyJpZCI6NTMyNywidXJsIjoiaHR0cHM6XC9cL2RpZ2ltaXR0ZWxzY2h1bGUyYmFkZ29pc2Vybi5hdFwvd3AtY29udGVudFwvdXBsb2Fkc1wvMjAyM1wvMDJcL3NvemlhbGVzLUxlcm5lbi02LXNjYWxlZC5qcGciLCJzbGlkZXNob3ciOiI5NWY0ZTlhIn0%3D\">\n\t\t\t\t\t<div class=\"e-gallery-image elementor-gallery-item__image\" data-thumbnail=\"https:\/\/digimittelschule2badgoisern.at\/wp-content\/uploads\/2023\/02\/soziales-Lernen-6-225x300.jpg\" data-width=\"225\" data-height=\"300\" aria-label=\"\" role=\"img\" ><\/div>\n\t\t\t\t\t\t\t\t\t\t\t<div class=\"elementor-gallery-item__overlay\"><\/div>\n\t\t\t\t\t\t\t\t\t\t\t\t\t\t<\/a>\n\t\t\t\t\t<\/div>\n\t\t\t<\/div>\n\t\t\t\t<\/div>\n\t\t\t\t\t<\/div>\n\t\t<\/div>\n\t\t\t\t\t<\/div>\n\t\t<\/section>\n\t\t\t\t<\/div>\n\t\t","protected":false},"excerpt":{"rendered":"<p>Soziales Lernen spielt an unserer Schule eine bedeutende Rolle. Wir legen sehr viel Wert auf einen respektvollen Umgang und ein h\u00f6fliches Miteinander. In den ersten beiden Klassen wird eine Wochenstunde daf\u00fcr verwendet. Soziale Interaktivit\u00e4ten und Spiele, Austausch im Kreis sowie l\u00f6sungsorientierte Konfliktbew\u00e4ltigung stehen dabei im Fokus. F\u00fcr gemeinsame Aktivit\u00e4ten z.B. im Freien eignen sich Wandertage, [&hellip;]<\/p>\n","protected":false},"author":1,"featured_media":0,"parent":0,"menu_order":0,"comment_status":"closed","ping_status":"closed","template":"","meta":{"ocean_post_layout":"","ocean_both_sidebars_style":"","ocean_both_sidebars_content_width":0,"ocean_both_sidebars_sidebars_width":0,"ocean_sidebar":"0","ocean_second_sidebar":"0","ocean_disable_margins":"enable","ocean_add_body_class":"","ocean_shortcode_before_top_bar":"","ocean_shortcode_after_top_bar":"","ocean_shortcode_before_header":"","ocean_shortcode_after_header":"","ocean_has_shortcode":"","ocean_shortcode_after_title":"","ocean_shortcode_before_footer_widgets":"","ocean_shortcode_after_footer_widgets":"","ocean_shortcode_before_footer_bottom":"","ocean_shortcode_after_footer_bottom":"","ocean_display_top_bar":"default","ocean_display_header":"default","ocean_header_style":"","ocean_center_header_left_menu":"0","ocean_custom_header_template":"0","ocean_custom_logo":0,"ocean_custom_retina_logo":0,"ocean_custom_logo_max_width":0,"ocean_custom_logo_tablet_max_width":0,"ocean_custom_logo_mobile_max_width":0,"ocean_custom_logo_max_height":0,"ocean_custom_logo_tablet_max_height":0,"ocean_custom_logo_mobile_max_height":0,"ocean_header_custom_menu":"0","ocean_menu_typo_font_family":"0","ocean_menu_typo_font_subset":"","ocean_menu_typo_font_size":0,"ocean_menu_typo_font_size_tablet":0,"ocean_menu_typo_font_size_mobile":0,"ocean_menu_typo_font_size_unit":"px","ocean_menu_typo_font_weight":"","ocean_menu_typo_font_weight_tablet":"","ocean_menu_typo_font_weight_mobile":"","ocean_menu_typo_transform":"","ocean_menu_typo_transform_tablet":"","ocean_menu_typo_transform_mobile":"","ocean_menu_typo_line_height":0,"ocean_menu_typo_line_height_tablet":0,"ocean_menu_typo_line_height_mobile":0,"ocean_menu_typo_line_height_unit":"","ocean_menu_typo_spacing":0,"ocean_menu_typo_spacing_tablet":0,"ocean_menu_typo_spacing_mobile":0,"ocean_menu_typo_spacing_unit":"","ocean_menu_link_color":"","ocean_menu_link_color_hover":"","ocean_menu_link_color_active":"","ocean_menu_link_background":"","ocean_menu_link_hover_background":"","ocean_menu_link_active_background":"","ocean_menu_social_links_bg":"","ocean_menu_social_hover_links_bg":"","ocean_menu_social_links_color":"","ocean_menu_social_hover_links_color":"","ocean_disable_title":"default","ocean_disable_heading":"default","ocean_post_title":"","ocean_post_subheading":"","ocean_post_title_style":"","ocean_post_title_background_color":"","ocean_post_title_background":0,"ocean_post_title_bg_image_position":"","ocean_post_title_bg_image_attachment":"","ocean_post_title_bg_image_repeat":"","ocean_post_title_bg_image_size":"","ocean_post_title_height":0,"ocean_post_title_bg_overlay":0.5,"ocean_post_title_bg_overlay_color":"","ocean_disable_breadcrumbs":"default","ocean_breadcrumbs_color":"","ocean_breadcrumbs_separator_color":"","ocean_breadcrumbs_links_color":"","ocean_breadcrumbs_links_hover_color":"","ocean_display_footer_widgets":"default","ocean_display_footer_bottom":"default","ocean_custom_footer_template":"0","footnotes":""},"class_list":["post-39","page","type-page","status-publish","hentry","entry"],"_links":{"self":[{"href":"https:\/\/digimittelschule2badgoisern.at\/index.php?rest_route=\/wp\/v2\/pages\/39","targetHints":{"allow":["GET"]}}],"collection":[{"href":"https:\/\/digimittelschule2badgoisern.at\/index.php?rest_route=\/wp\/v2\/pages"}],"about":[{"href":"https:\/\/digimittelschule2badgoisern.at\/index.php?rest_route=\/wp\/v2\/types\/page"}],"author":[{"embeddable":true,"href":"https:\/\/digimittelschule2badgoisern.at\/index.php?rest_route=\/wp\/v2\/users\/1"}],"replies":[{"embeddable":true,"href":"https:\/\/digimittelschule2badgoisern.at\/index.php?rest_route=%2Fwp%2Fv2%2Fcomments&post=39"}],"version-history":[{"count":27,"href":"https:\/\/digimittelschule2badgoisern.at\/index.php?rest_route=\/wp\/v2\/pages\/39\/revisions"}],"predecessor-version":[{"id":5331,"href":"https:\/\/digimittelschule2badgoisern.at\/index.php?rest_route=\/wp\/v2\/pages\/39\/revisions\/5331"}],"wp:attachment":[{"href":"https:\/\/digimittelschule2badgoisern.at\/index.php?rest_route=%2Fwp%2Fv2%2Fmedia&parent=39"}],"curies":[{"name":"wp","href":"https:\/\/api.w.org\/{rel}","templated":true}]}}

<div data-elementor-type="wp-page" data-elementor-id="39" class="elementor elementor-39" data-elementor-post-type="page">
						<section class="elementor-section elementor-top-section elementor-element elementor-element-d895e58 elementor-section-boxed elementor-section-height-default elementor-section-height-default" data-id="d895e58" data-element_type="section">
						<div class="elementor-container elementor-column-gap-default">
					<div class="elementor-column elementor-col-100 elementor-top-column elementor-element elementor-element-b7adc96" data-id="b7adc96" data-element_type="column">
			<div class="elementor-widget-wrap elementor-element-populated">
						<div class="elementor-element elementor-element-2809368 elementor-widget elementor-widget-text-editor" data-id="2809368" data-element_type="widget" data-widget_type="text-editor.default">
				<div class="elementor-widget-container">
							<p><span style="color: #000000;"><strong>Soziales Lernen</strong> spielt an unserer Schule eine bedeutende Rolle. Wir legen sehr viel Wert auf einen respektvollen Umgang und ein höfliches Miteinander.</span></p><p><span style="color: #000000;">In den ersten beiden Klassen wird eine Wochenstunde dafür verwendet. Soziale Interaktivitäten und Spiele, Austausch im Kreis sowie lösungsorientierte Konfliktbewältigung stehen dabei im Fokus.</span></p><p><span style="color: #000000;">Für gemeinsame Aktivitäten z.B. im Freien eignen sich Wandertage, Lehrausgänge und Exkursionen besonders gut. </span></p><p><span style="color: #000000;">Die Klassenvorstände absolvieren eine mehrtägige Fortbildung in Linz zum Thema Suchtprävention, die für unsere Altersgruppe enorm wichtig ist (PLUS, Österreichisches Präventionsprogramm für die 5. bis 8. Schulstufe).</span></p>						</div>
				</div>
					</div>
		</div>
					</div>
		</section>
				<section class="elementor-section elementor-top-section elementor-element elementor-element-7b99c29 elementor-section-boxed elementor-section-height-default elementor-section-height-default" data-id="7b99c29" data-element_type="section">
						<div class="elementor-container elementor-column-gap-default">
					<div class="elementor-column elementor-col-100 elementor-top-column elementor-element elementor-element-3a4e12e" data-id="3a4e12e" data-element_type="column">
			<div class="elementor-widget-wrap elementor-element-populated">
						<div class="elementor-element elementor-element-95f4e9a elementor-widget elementor-widget-gallery" data-id="95f4e9a" data-element_type="widget" data-settings="{&quot;gap&quot;:{&quot;unit&quot;:&quot;px&quot;,&quot;size&quot;:20,&quot;sizes&quot;:[]},&quot;lazyload&quot;:&quot;yes&quot;,&quot;gallery_layout&quot;:&quot;grid&quot;,&quot;columns&quot;:4,&quot;columns_tablet&quot;:2,&quot;columns_mobile&quot;:1,&quot;gap_tablet&quot;:{&quot;unit&quot;:&quot;px&quot;,&quot;size&quot;:10,&quot;sizes&quot;:[]},&quot;gap_mobile&quot;:{&quot;unit&quot;:&quot;px&quot;,&quot;size&quot;:10,&quot;sizes&quot;:[]},&quot;link_to&quot;:&quot;file&quot;,&quot;aspect_ratio&quot;:&quot;3:2&quot;,&quot;overlay_background&quot;:&quot;yes&quot;,&quot;content_hover_animation&quot;:&quot;fade-in&quot;}" data-widget_type="gallery.default">
				<div class="elementor-widget-container">
					<div class="elementor-gallery__container">
							<a class="e-gallery-item elementor-gallery-item elementor-animated-content" href="https://digimittelschule2badgoisern.at/wp-content/uploads/2022/09/Soziales-Lernen-Turm-1-scaled.jpg" data-elementor-open-lightbox="yes" data-elementor-lightbox-slideshow="95f4e9a" data-elementor-lightbox-title="Soziales Lernen- Turm (1)" data-e-action-hash="#elementor-action%3Aaction%3Dlightbox%26settings%3DeyJpZCI6NDc2OSwidXJsIjoiaHR0cHM6XC9cL2RpZ2ltaXR0ZWxzY2h1bGUyYmFkZ29pc2Vybi5hdFwvd3AtY29udGVudFwvdXBsb2Fkc1wvMjAyMlwvMDlcL1NvemlhbGVzLUxlcm5lbi1UdXJtLTEtc2NhbGVkLmpwZyIsInNsaWRlc2hvdyI6Ijk1ZjRlOWEifQ%3D%3D">
					<div class="e-gallery-image elementor-gallery-item__image" data-thumbnail="https://digimittelschule2badgoisern.at/wp-content/uploads/2022/09/Soziales-Lernen-Turm-1-300x225.jpg" data-width="300" data-height="225" aria-label="" role="img" ></div>
											<div class="elementor-gallery-item__overlay"></div>
														</a>
							<a class="e-gallery-item elementor-gallery-item elementor-animated-content" href="https://digimittelschule2badgoisern.at/wp-content/uploads/2022/09/Soziales-Lernen-Turm-3-scaled.jpg" data-elementor-open-lightbox="yes" data-elementor-lightbox-slideshow="95f4e9a" data-elementor-lightbox-title="Soziales Lernen- Turm (3)" data-e-action-hash="#elementor-action%3Aaction%3Dlightbox%26settings%3DeyJpZCI6NDc3MSwidXJsIjoiaHR0cHM6XC9cL2RpZ2ltaXR0ZWxzY2h1bGUyYmFkZ29pc2Vybi5hdFwvd3AtY29udGVudFwvdXBsb2Fkc1wvMjAyMlwvMDlcL1NvemlhbGVzLUxlcm5lbi1UdXJtLTMtc2NhbGVkLmpwZyIsInNsaWRlc2hvdyI6Ijk1ZjRlOWEifQ%3D%3D">
					<div class="e-gallery-image elementor-gallery-item__image" data-thumbnail="https://digimittelschule2badgoisern.at/wp-content/uploads/2022/09/Soziales-Lernen-Turm-3-300x225.jpg" data-width="300" data-height="225" aria-label="" role="img" ></div>
											<div class="elementor-gallery-item__overlay"></div>
														</a>
							<a class="e-gallery-item elementor-gallery-item elementor-animated-content" href="https://digimittelschule2badgoisern.at/wp-content/uploads/2023/02/SL_Turm-2-scaled.jpg" data-elementor-open-lightbox="yes" data-elementor-lightbox-slideshow="95f4e9a" data-elementor-lightbox-title="SL_Turm (2)" data-e-action-hash="#elementor-action%3Aaction%3Dlightbox%26settings%3DeyJpZCI6NTMyNSwidXJsIjoiaHR0cHM6XC9cL2RpZ2ltaXR0ZWxzY2h1bGUyYmFkZ29pc2Vybi5hdFwvd3AtY29udGVudFwvdXBsb2Fkc1wvMjAyM1wvMDJcL1NMX1R1cm0tMi1zY2FsZWQuanBnIiwic2xpZGVzaG93IjoiOTVmNGU5YSJ9">
					<div class="e-gallery-image elementor-gallery-item__image" data-thumbnail="https://digimittelschule2badgoisern.at/wp-content/uploads/2023/02/SL_Turm-2-225x300.jpg" data-width="225" data-height="300" aria-label="" role="img" ></div>
											<div class="elementor-gallery-item__overlay"></div>
														</a>
							<a class="e-gallery-item elementor-gallery-item elementor-animated-content" href="https://digimittelschule2badgoisern.at/wp-content/uploads/2023/02/soziales-Lernen-6-scaled.jpg" data-elementor-open-lightbox="yes" data-elementor-lightbox-slideshow="95f4e9a" data-elementor-lightbox-title="soziales Lernen (6)" data-e-action-hash="#elementor-action%3Aaction%3Dlightbox%26settings%3DeyJpZCI6NTMyNywidXJsIjoiaHR0cHM6XC9cL2RpZ2ltaXR0ZWxzY2h1bGUyYmFkZ29pc2Vybi5hdFwvd3AtY29udGVudFwvdXBsb2Fkc1wvMjAyM1wvMDJcL3NvemlhbGVzLUxlcm5lbi02LXNjYWxlZC5qcGciLCJzbGlkZXNob3ciOiI5NWY0ZTlhIn0%3D">
					<div class="e-gallery-image elementor-gallery-item__image" data-thumbnail="https://digimittelschule2badgoisern.at/wp-content/uploads/2023/02/soziales-Lernen-6-225x300.jpg" data-width="225" data-height="300" aria-label="" role="img" ></div>
											<div class="elementor-gallery-item__overlay"></div>
														</a>
					</div>
			</div>
				</div>
					</div>
		</div>
					</div>
		</section>
				</div>

<p>Soziales Lernen spielt an unserer Schule eine bedeutende Rolle. Wir legen sehr viel Wert auf einen respektvollen Umgang und ein höfliches Miteinander. In den ersten beiden Klassen wird eine Wochenstunde dafür verwendet. Soziale Interaktivitäten und Spiele, Austausch im Kreis sowie lösungsorientierte Konfliktbewältigung stehen dabei im Fokus. Für gemeinsame Aktivitäten z.B. im Freien eignen sich Wandertage, [&hellip;]</p>
