{"id":4238,"date":"2022-05-17T07:22:13","date_gmt":"2022-05-17T07:22:13","guid":{"rendered":"https:\/\/digimittelschule2badgoisern.at\/?page_id=4238"},"modified":"2022-05-17T07:25:21","modified_gmt":"2022-05-17T07:25:21","slug":"literatur-trifft-kreativitaet","status":"publish","type":"page","link":"https:\/\/digimittelschule2badgoisern.at\/?page_id=4238","title":{"rendered":"Literatur trifft Kreativit\u00e4t"},"content":{"rendered":"\t\t<div data-elementor-type=\"wp-page\" data-elementor-id=\"4238\" class=\"elementor elementor-4238\" data-elementor-post-type=\"page\">\n\t\t\t\t\t\t<section class=\"elementor-section elementor-top-section elementor-element elementor-element-d60dbf9 elementor-section-boxed elementor-section-height-default elementor-section-height-default\" data-id=\"d60dbf9\" data-element_type=\"section\">\n\t\t\t\t\t\t<div class=\"elementor-container elementor-column-gap-default\">\n\t\t\t\t\t<div class=\"elementor-column elementor-col-100 elementor-top-column elementor-element elementor-element-78dfd1f\" data-id=\"78dfd1f\" data-element_type=\"column\">\n\t\t\t<div class=\"elementor-widget-wrap elementor-element-populated\">\n\t\t\t\t\t\t<div class=\"elementor-element elementor-element-68a7178 elementor-widget elementor-widget-text-editor\" data-id=\"68a7178\" data-element_type=\"widget\" data-widget_type=\"text-editor.default\">\n\t\t\t\t<div class=\"elementor-widget-container\">\n\t\t\t\t\t\t\t<p>Die Sch\u00fclerinnen und Sch\u00fcler der 4b Klasse besch\u00e4ftigten sich im Rahmen der Projektarbeit \u201eLeserollen\u201c im Deutschunterricht sechs Wochen lang intensiv mit ihrer Lieblingslekt\u00fcre. Die B\u00fccher durften individuell nach bevorzugten Genres gew\u00e4hlt werden. Einzige Anforderung war, sich f\u00fcr eine altersgem\u00e4\u00dfe Lekt\u00fcre zu entscheiden.<\/p><p>Nach dem Leseprozess bekamen die Sch\u00fclerinnen und Sch\u00fcler einen Katalog mit Arbeitsauftr\u00e4gen, aus dem sie frei w\u00e4hlen durften. Drei Aufgabenstellungen wurden vorgegeben, die alle erledigen sollten, den Rest w\u00e4hlte jede und jeder nach eigenen St\u00e4rken und Interessen. Ziel war nat\u00fcrlich, so umfangreich wie m\u00f6glich zu arbeiten.<\/p><p>Die sensationellen Ergebnisse zeigen die gro\u00dfe Motivation und den Riesenspa\u00df der Jugendlichen an diesem Projekt deutlich. Einen Teil der grandiosen Meisterwerke pr\u00e4sentiert die Klasse in einer schulinternen Ausstellung in der Aula.<\/p>\t\t\t\t\t\t<\/div>\n\t\t\t\t<\/div>\n\t\t\t\t\t<\/div>\n\t\t<\/div>\n\t\t\t\t\t<\/div>\n\t\t<\/section>\n\t\t\t\t<section class=\"elementor-section elementor-top-section elementor-element elementor-element-3ff24e4 elementor-section-boxed elementor-section-height-default elementor-section-height-default\" data-id=\"3ff24e4\" data-element_type=\"section\">\n\t\t\t\t\t\t<div class=\"elementor-container elementor-column-gap-default\">\n\t\t\t\t\t<div class=\"elementor-column elementor-col-100 elementor-top-column elementor-element elementor-element-5abd12c\" data-id=\"5abd12c\" data-element_type=\"column\">\n\t\t\t<div class=\"elementor-widget-wrap elementor-element-populated\">\n\t\t\t\t\t\t<div class=\"elementor-element elementor-element-e73ff30 elementor-widget elementor-widget-gallery\" data-id=\"e73ff30\" data-element_type=\"widget\" data-settings=\"{&quot;gap&quot;:{&quot;unit&quot;:&quot;px&quot;,&quot;size&quot;:20,&quot;sizes&quot;:[]},&quot;lazyload&quot;:&quot;yes&quot;,&quot;gallery_layout&quot;:&quot;grid&quot;,&quot;columns&quot;:4,&quot;columns_tablet&quot;:2,&quot;columns_mobile&quot;:1,&quot;gap_tablet&quot;:{&quot;unit&quot;:&quot;px&quot;,&quot;size&quot;:10,&quot;sizes&quot;:[]},&quot;gap_mobile&quot;:{&quot;unit&quot;:&quot;px&quot;,&quot;size&quot;:10,&quot;sizes&quot;:[]},&quot;link_to&quot;:&quot;file&quot;,&quot;aspect_ratio&quot;:&quot;3:2&quot;,&quot;overlay_background&quot;:&quot;yes&quot;,&quot;content_hover_animation&quot;:&quot;fade-in&quot;}\" data-widget_type=\"gallery.default\">\n\t\t\t\t<div class=\"elementor-widget-container\">\n\t\t\t\t\t<div class=\"elementor-gallery__container\">\n\t\t\t\t\t<\/div>\n\t\t\t<\/div>\n\t\t\t\t<\/div>\n\t\t\t\t\t<\/div>\n\t\t<\/div>\n\t\t\t\t\t<\/div>\n\t\t<\/section>\n\t\t\t\t<\/div>\n\t\t","protected":false},"excerpt":{"rendered":"<p>Die Sch\u00fclerinnen und Sch\u00fcler der 4b Klasse besch\u00e4ftigten sich im Rahmen der Projektarbeit \u201eLeserollen\u201c im Deutschunterricht sechs Wochen lang intensiv mit ihrer Lieblingslekt\u00fcre. Die B\u00fccher durften individuell nach bevorzugten Genres gew\u00e4hlt werden. Einzige Anforderung war, sich f\u00fcr eine altersgem\u00e4\u00dfe Lekt\u00fcre zu entscheiden. Nach dem Leseprozess bekamen die Sch\u00fclerinnen und Sch\u00fcler einen Katalog mit Arbeitsauftr\u00e4gen, aus [&hellip;]<\/p>\n","protected":false},"author":1,"featured_media":0,"parent":0,"menu_order":0,"comment_status":"closed","ping_status":"closed","template":"","meta":{"ocean_post_layout":"","ocean_both_sidebars_style":"","ocean_both_sidebars_content_width":0,"ocean_both_sidebars_sidebars_width":0,"ocean_sidebar":"0","ocean_second_sidebar":"0","ocean_disable_margins":"enable","ocean_add_body_class":"","ocean_shortcode_before_top_bar":"","ocean_shortcode_after_top_bar":"","ocean_shortcode_before_header":"","ocean_shortcode_after_header":"","ocean_has_shortcode":"","ocean_shortcode_after_title":"","ocean_shortcode_before_footer_widgets":"","ocean_shortcode_after_footer_widgets":"","ocean_shortcode_before_footer_bottom":"","ocean_shortcode_after_footer_bottom":"","ocean_display_top_bar":"default","ocean_display_header":"default","ocean_header_style":"","ocean_center_header_left_menu":"0","ocean_custom_header_template":"0","ocean_custom_logo":0,"ocean_custom_retina_logo":0,"ocean_custom_logo_max_width":0,"ocean_custom_logo_tablet_max_width":0,"ocean_custom_logo_mobile_max_width":0,"ocean_custom_logo_max_height":0,"ocean_custom_logo_tablet_max_height":0,"ocean_custom_logo_mobile_max_height":0,"ocean_header_custom_menu":"0","ocean_menu_typo_font_family":"0","ocean_menu_typo_font_subset":"","ocean_menu_typo_font_size":0,"ocean_menu_typo_font_size_tablet":0,"ocean_menu_typo_font_size_mobile":0,"ocean_menu_typo_font_size_unit":"px","ocean_menu_typo_font_weight":"","ocean_menu_typo_font_weight_tablet":"","ocean_menu_typo_font_weight_mobile":"","ocean_menu_typo_transform":"","ocean_menu_typo_transform_tablet":"","ocean_menu_typo_transform_mobile":"","ocean_menu_typo_line_height":0,"ocean_menu_typo_line_height_tablet":0,"ocean_menu_typo_line_height_mobile":0,"ocean_menu_typo_line_height_unit":"","ocean_menu_typo_spacing":0,"ocean_menu_typo_spacing_tablet":0,"ocean_menu_typo_spacing_mobile":0,"ocean_menu_typo_spacing_unit":"","ocean_menu_link_color":"","ocean_menu_link_color_hover":"","ocean_menu_link_color_active":"","ocean_menu_link_background":"","ocean_menu_link_hover_background":"","ocean_menu_link_active_background":"","ocean_menu_social_links_bg":"","ocean_menu_social_hover_links_bg":"","ocean_menu_social_links_color":"","ocean_menu_social_hover_links_color":"","ocean_disable_title":"default","ocean_disable_heading":"default","ocean_post_title":"","ocean_post_subheading":"","ocean_post_title_style":"","ocean_post_title_background_color":"","ocean_post_title_background":0,"ocean_post_title_bg_image_position":"","ocean_post_title_bg_image_attachment":"","ocean_post_title_bg_image_repeat":"","ocean_post_title_bg_image_size":"","ocean_post_title_height":0,"ocean_post_title_bg_overlay":0.5,"ocean_post_title_bg_overlay_color":"","ocean_disable_breadcrumbs":"default","ocean_breadcrumbs_color":"","ocean_breadcrumbs_separator_color":"","ocean_breadcrumbs_links_color":"","ocean_breadcrumbs_links_hover_color":"","ocean_display_footer_widgets":"default","ocean_display_footer_bottom":"default","ocean_custom_footer_template":"0","footnotes":""},"class_list":["post-4238","page","type-page","status-publish","hentry","entry"],"_links":{"self":[{"href":"https:\/\/digimittelschule2badgoisern.at\/index.php?rest_route=\/wp\/v2\/pages\/4238","targetHints":{"allow":["GET"]}}],"collection":[{"href":"https:\/\/digimittelschule2badgoisern.at\/index.php?rest_route=\/wp\/v2\/pages"}],"about":[{"href":"https:\/\/digimittelschule2badgoisern.at\/index.php?rest_route=\/wp\/v2\/types\/page"}],"author":[{"embeddable":true,"href":"https:\/\/digimittelschule2badgoisern.at\/index.php?rest_route=\/wp\/v2\/users\/1"}],"replies":[{"embeddable":true,"href":"https:\/\/digimittelschule2badgoisern.at\/index.php?rest_route=%2Fwp%2Fv2%2Fcomments&post=4238"}],"version-history":[{"count":11,"href":"https:\/\/digimittelschule2badgoisern.at\/index.php?rest_route=\/wp\/v2\/pages\/4238\/revisions"}],"predecessor-version":[{"id":4250,"href":"https:\/\/digimittelschule2badgoisern.at\/index.php?rest_route=\/wp\/v2\/pages\/4238\/revisions\/4250"}],"wp:attachment":[{"href":"https:\/\/digimittelschule2badgoisern.at\/index.php?rest_route=%2Fwp%2Fv2%2Fmedia&parent=4238"}],"curies":[{"name":"wp","href":"https:\/\/api.w.org\/{rel}","templated":true}]}}

Literatur trifft Kreativität

<div data-elementor-type="wp-page" data-elementor-id="4238" class="elementor elementor-4238" data-elementor-post-type="page">
						<section class="elementor-section elementor-top-section elementor-element elementor-element-d60dbf9 elementor-section-boxed elementor-section-height-default elementor-section-height-default" data-id="d60dbf9" data-element_type="section">
						<div class="elementor-container elementor-column-gap-default">
					<div class="elementor-column elementor-col-100 elementor-top-column elementor-element elementor-element-78dfd1f" data-id="78dfd1f" data-element_type="column">
			<div class="elementor-widget-wrap elementor-element-populated">
						<div class="elementor-element elementor-element-68a7178 elementor-widget elementor-widget-text-editor" data-id="68a7178" data-element_type="widget" data-widget_type="text-editor.default">
				<div class="elementor-widget-container">
							<p>Die Schülerinnen und Schüler der 4b Klasse beschäftigten sich im Rahmen der Projektarbeit „Leserollen“ im Deutschunterricht sechs Wochen lang intensiv mit ihrer Lieblingslektüre. Die Bücher durften individuell nach bevorzugten Genres gewählt werden. Einzige Anforderung war, sich für eine altersgemäße Lektüre zu entscheiden.</p><p>Nach dem Leseprozess bekamen die Schülerinnen und Schüler einen Katalog mit Arbeitsaufträgen, aus dem sie frei wählen durften. Drei Aufgabenstellungen wurden vorgegeben, die alle erledigen sollten, den Rest wählte jede und jeder nach eigenen Stärken und Interessen. Ziel war natürlich, so umfangreich wie möglich zu arbeiten.</p><p>Die sensationellen Ergebnisse zeigen die große Motivation und den Riesenspaß der Jugendlichen an diesem Projekt deutlich. Einen Teil der grandiosen Meisterwerke präsentiert die Klasse in einer schulinternen Ausstellung in der Aula.</p>						</div>
				</div>
					</div>
		</div>
					</div>
		</section>
				<section class="elementor-section elementor-top-section elementor-element elementor-element-3ff24e4 elementor-section-boxed elementor-section-height-default elementor-section-height-default" data-id="3ff24e4" data-element_type="section">
						<div class="elementor-container elementor-column-gap-default">
					<div class="elementor-column elementor-col-100 elementor-top-column elementor-element elementor-element-5abd12c" data-id="5abd12c" data-element_type="column">
			<div class="elementor-widget-wrap elementor-element-populated">
						<div class="elementor-element elementor-element-e73ff30 elementor-widget elementor-widget-gallery" data-id="e73ff30" data-element_type="widget" data-settings="{&quot;gap&quot;:{&quot;unit&quot;:&quot;px&quot;,&quot;size&quot;:20,&quot;sizes&quot;:[]},&quot;lazyload&quot;:&quot;yes&quot;,&quot;gallery_layout&quot;:&quot;grid&quot;,&quot;columns&quot;:4,&quot;columns_tablet&quot;:2,&quot;columns_mobile&quot;:1,&quot;gap_tablet&quot;:{&quot;unit&quot;:&quot;px&quot;,&quot;size&quot;:10,&quot;sizes&quot;:[]},&quot;gap_mobile&quot;:{&quot;unit&quot;:&quot;px&quot;,&quot;size&quot;:10,&quot;sizes&quot;:[]},&quot;link_to&quot;:&quot;file&quot;,&quot;aspect_ratio&quot;:&quot;3:2&quot;,&quot;overlay_background&quot;:&quot;yes&quot;,&quot;content_hover_animation&quot;:&quot;fade-in&quot;}" data-widget_type="gallery.default">
				<div class="elementor-widget-container">
					<div class="elementor-gallery__container">
					</div>
			</div>
				</div>
					</div>
		</div>
					</div>
		</section>
				</div>

<p>Die Schülerinnen und Schüler der 4b Klasse beschäftigten sich im Rahmen der Projektarbeit „Leserollen“ im Deutschunterricht sechs Wochen lang intensiv mit ihrer Lieblingslektüre. Die Bücher durften individuell nach bevorzugten Genres gewählt werden. Einzige Anforderung war, sich für eine altersgemäße Lektüre zu entscheiden. Nach dem Leseprozess bekamen die Schülerinnen und Schüler einen Katalog mit Arbeitsaufträgen, aus [&hellip;]</p>
