{"id":5684,"date":"2023-10-10T10:45:26","date_gmt":"2023-10-10T10:45:26","guid":{"rendered":"https:\/\/digimittelschule2badgoisern.at\/?page_id=5684"},"modified":"2023-10-10T10:50:15","modified_gmt":"2023-10-10T10:50:15","slug":"kultur-und-sport-in-wien-ms-2-bad-goisern-besucht-die-bundeshauptstadt","status":"publish","type":"page","link":"https:\/\/digimittelschule2badgoisern.at\/?page_id=5684","title":{"rendered":"Kultur und Sport in Wien &#8211; MS 2 Bad Goisern besucht die Bundeshauptstadt"},"content":{"rendered":"\t\t<div data-elementor-type=\"wp-page\" data-elementor-id=\"5684\" class=\"elementor elementor-5684\" data-elementor-post-type=\"page\">\n\t\t\t\t\t\t<section class=\"elementor-section elementor-top-section elementor-element elementor-element-cdd9cdd elementor-section-boxed elementor-section-height-default elementor-section-height-default\" data-id=\"cdd9cdd\" data-element_type=\"section\">\n\t\t\t\t\t\t<div class=\"elementor-container elementor-column-gap-default\">\n\t\t\t\t\t<div class=\"elementor-column elementor-col-100 elementor-top-column elementor-element elementor-element-985791f\" data-id=\"985791f\" data-element_type=\"column\">\n\t\t\t<div class=\"elementor-widget-wrap elementor-element-populated\">\n\t\t\t\t\t\t<div class=\"elementor-element elementor-element-8ff14bb elementor-widget elementor-widget-text-editor\" data-id=\"8ff14bb\" data-element_type=\"widget\" data-widget_type=\"text-editor.default\">\n\t\t\t\t<div class=\"elementor-widget-container\">\n\t\t\t\t\t\t\t<p>Eine abwechslungsreiche Woche durften die Sch\u00fclerinnen und Sch\u00fcler der vierten Jahrg\u00e4nge vom 8. \u2013 12. Mai in Wien verbringen.<\/p><p>Am Programm stand eine kombinierte Sport- und Projektwoche, deren Ziel es war, die Bundeshauptstadt kennenzulernen und besondere sportliche Aktivit\u00e4ten auszu\u00fcben. Neben den zahlreichen kulturellen Attraktionen, wie Hofburg, Schloss Sch\u00f6nbrunn, dem neuen Parlament oder dem Donauturm, konnten sich die Sch\u00fclerinnen und Sch\u00fcler immer wieder sportlich bet\u00e4tigen. So wurde beispielsweise am Flakturm geklettert und in einer riesigen Indoor-Sporthalle hatten die Jugendlichen die M\u00f6glichkeit, verschiedenste Sportarten auszuprobieren. Das ausgewogene Verh\u00e4ltnis von Kultur- und Sportprogramm machte diese Woche besonders attraktiv. \u201cWir hatten eine gro\u00dfartige Zeit in Wien. Besonders gut gefallen haben mir das 5D Kino beim Time Travel sowie das Bowlen. Auch die lustige Zeit im Prater wird mir noch lange in Erinnerung bleiben\u201c, so eine begeisterte Sch\u00fclerin.<\/p>\t\t\t\t\t\t<\/div>\n\t\t\t\t<\/div>\n\t\t\t\t\t<\/div>\n\t\t<\/div>\n\t\t\t\t\t<\/div>\n\t\t<\/section>\n\t\t\t\t<section class=\"elementor-section elementor-top-section elementor-element elementor-element-c461b9d elementor-section-boxed elementor-section-height-default elementor-section-height-default\" data-id=\"c461b9d\" data-element_type=\"section\">\n\t\t\t\t\t\t<div class=\"elementor-container elementor-column-gap-default\">\n\t\t\t\t\t<div class=\"elementor-column elementor-col-100 elementor-top-column elementor-element elementor-element-70d6ea8\" data-id=\"70d6ea8\" data-element_type=\"column\">\n\t\t\t<div class=\"elementor-widget-wrap elementor-element-populated\">\n\t\t\t\t\t\t<div class=\"elementor-element elementor-element-0c8a277 elementor-widget elementor-widget-gallery\" data-id=\"0c8a277\" data-element_type=\"widget\" data-settings=\"{&quot;gap&quot;:{&quot;unit&quot;:&quot;px&quot;,&quot;size&quot;:20,&quot;sizes&quot;:[]},&quot;lazyload&quot;:&quot;yes&quot;,&quot;gallery_layout&quot;:&quot;grid&quot;,&quot;columns&quot;:4,&quot;columns_tablet&quot;:2,&quot;columns_mobile&quot;:1,&quot;gap_tablet&quot;:{&quot;unit&quot;:&quot;px&quot;,&quot;size&quot;:10,&quot;sizes&quot;:[]},&quot;gap_mobile&quot;:{&quot;unit&quot;:&quot;px&quot;,&quot;size&quot;:10,&quot;sizes&quot;:[]},&quot;link_to&quot;:&quot;file&quot;,&quot;aspect_ratio&quot;:&quot;3:2&quot;,&quot;overlay_background&quot;:&quot;yes&quot;,&quot;content_hover_animation&quot;:&quot;fade-in&quot;}\" data-widget_type=\"gallery.default\">\n\t\t\t\t<div class=\"elementor-widget-container\">\n\t\t\t\t\t<div class=\"elementor-gallery__container\">\n\t\t\t\t\t<\/div>\n\t\t\t<\/div>\n\t\t\t\t<\/div>\n\t\t\t\t\t<\/div>\n\t\t<\/div>\n\t\t\t\t\t<\/div>\n\t\t<\/section>\n\t\t\t\t<\/div>\n\t\t","protected":false},"excerpt":{"rendered":"<p>Eine abwechslungsreiche Woche durften die Sch\u00fclerinnen und Sch\u00fcler der vierten Jahrg\u00e4nge vom 8. \u2013 12. Mai in Wien verbringen. Am Programm stand eine kombinierte Sport- und Projektwoche, deren Ziel es war, die Bundeshauptstadt kennenzulernen und besondere sportliche Aktivit\u00e4ten auszu\u00fcben. Neben den zahlreichen kulturellen Attraktionen, wie Hofburg, Schloss Sch\u00f6nbrunn, dem neuen Parlament oder dem Donauturm, konnten [&hellip;]<\/p>\n","protected":false},"author":1,"featured_media":0,"parent":0,"menu_order":0,"comment_status":"closed","ping_status":"closed","template":"","meta":{"ocean_post_layout":"","ocean_both_sidebars_style":"","ocean_both_sidebars_content_width":0,"ocean_both_sidebars_sidebars_width":0,"ocean_sidebar":"0","ocean_second_sidebar":"0","ocean_disable_margins":"enable","ocean_add_body_class":"","ocean_shortcode_before_top_bar":"","ocean_shortcode_after_top_bar":"","ocean_shortcode_before_header":"","ocean_shortcode_after_header":"","ocean_has_shortcode":"","ocean_shortcode_after_title":"","ocean_shortcode_before_footer_widgets":"","ocean_shortcode_after_footer_widgets":"","ocean_shortcode_before_footer_bottom":"","ocean_shortcode_after_footer_bottom":"","ocean_display_top_bar":"default","ocean_display_header":"default","ocean_header_style":"","ocean_center_header_left_menu":"0","ocean_custom_header_template":"0","ocean_custom_logo":0,"ocean_custom_retina_logo":0,"ocean_custom_logo_max_width":0,"ocean_custom_logo_tablet_max_width":0,"ocean_custom_logo_mobile_max_width":0,"ocean_custom_logo_max_height":0,"ocean_custom_logo_tablet_max_height":0,"ocean_custom_logo_mobile_max_height":0,"ocean_header_custom_menu":"0","ocean_menu_typo_font_family":"0","ocean_menu_typo_font_subset":"","ocean_menu_typo_font_size":0,"ocean_menu_typo_font_size_tablet":0,"ocean_menu_typo_font_size_mobile":0,"ocean_menu_typo_font_size_unit":"px","ocean_menu_typo_font_weight":"","ocean_menu_typo_font_weight_tablet":"","ocean_menu_typo_font_weight_mobile":"","ocean_menu_typo_transform":"","ocean_menu_typo_transform_tablet":"","ocean_menu_typo_transform_mobile":"","ocean_menu_typo_line_height":0,"ocean_menu_typo_line_height_tablet":0,"ocean_menu_typo_line_height_mobile":0,"ocean_menu_typo_line_height_unit":"","ocean_menu_typo_spacing":0,"ocean_menu_typo_spacing_tablet":0,"ocean_menu_typo_spacing_mobile":0,"ocean_menu_typo_spacing_unit":"","ocean_menu_link_color":"","ocean_menu_link_color_hover":"","ocean_menu_link_color_active":"","ocean_menu_link_background":"","ocean_menu_link_hover_background":"","ocean_menu_link_active_background":"","ocean_menu_social_links_bg":"","ocean_menu_social_hover_links_bg":"","ocean_menu_social_links_color":"","ocean_menu_social_hover_links_color":"","ocean_disable_title":"default","ocean_disable_heading":"default","ocean_post_title":"","ocean_post_subheading":"","ocean_post_title_style":"","ocean_post_title_background_color":"","ocean_post_title_background":0,"ocean_post_title_bg_image_position":"","ocean_post_title_bg_image_attachment":"","ocean_post_title_bg_image_repeat":"","ocean_post_title_bg_image_size":"","ocean_post_title_height":0,"ocean_post_title_bg_overlay":0.5,"ocean_post_title_bg_overlay_color":"","ocean_disable_breadcrumbs":"default","ocean_breadcrumbs_color":"","ocean_breadcrumbs_separator_color":"","ocean_breadcrumbs_links_color":"","ocean_breadcrumbs_links_hover_color":"","ocean_display_footer_widgets":"default","ocean_display_footer_bottom":"default","ocean_custom_footer_template":"0","footnotes":""},"class_list":["post-5684","page","type-page","status-publish","hentry","entry"],"_links":{"self":[{"href":"https:\/\/digimittelschule2badgoisern.at\/index.php?rest_route=\/wp\/v2\/pages\/5684","targetHints":{"allow":["GET"]}}],"collection":[{"href":"https:\/\/digimittelschule2badgoisern.at\/index.php?rest_route=\/wp\/v2\/pages"}],"about":[{"href":"https:\/\/digimittelschule2badgoisern.at\/index.php?rest_route=\/wp\/v2\/types\/page"}],"author":[{"embeddable":true,"href":"https:\/\/digimittelschule2badgoisern.at\/index.php?rest_route=\/wp\/v2\/users\/1"}],"replies":[{"embeddable":true,"href":"https:\/\/digimittelschule2badgoisern.at\/index.php?rest_route=%2Fwp%2Fv2%2Fcomments&post=5684"}],"version-history":[{"count":8,"href":"https:\/\/digimittelschule2badgoisern.at\/index.php?rest_route=\/wp\/v2\/pages\/5684\/revisions"}],"predecessor-version":[{"id":5693,"href":"https:\/\/digimittelschule2badgoisern.at\/index.php?rest_route=\/wp\/v2\/pages\/5684\/revisions\/5693"}],"wp:attachment":[{"href":"https:\/\/digimittelschule2badgoisern.at\/index.php?rest_route=%2Fwp%2Fv2%2Fmedia&parent=5684"}],"curies":[{"name":"wp","href":"https:\/\/api.w.org\/{rel}","templated":true}]}}

<div data-elementor-type="wp-page" data-elementor-id="5684" class="elementor elementor-5684" data-elementor-post-type="page">
						<section class="elementor-section elementor-top-section elementor-element elementor-element-cdd9cdd elementor-section-boxed elementor-section-height-default elementor-section-height-default" data-id="cdd9cdd" data-element_type="section">
						<div class="elementor-container elementor-column-gap-default">
					<div class="elementor-column elementor-col-100 elementor-top-column elementor-element elementor-element-985791f" data-id="985791f" data-element_type="column">
			<div class="elementor-widget-wrap elementor-element-populated">
						<div class="elementor-element elementor-element-8ff14bb elementor-widget elementor-widget-text-editor" data-id="8ff14bb" data-element_type="widget" data-widget_type="text-editor.default">
				<div class="elementor-widget-container">
							<p>Eine abwechslungsreiche Woche durften die Schülerinnen und Schüler der vierten Jahrgänge vom 8. – 12. Mai in Wien verbringen.</p><p>Am Programm stand eine kombinierte Sport- und Projektwoche, deren Ziel es war, die Bundeshauptstadt kennenzulernen und besondere sportliche Aktivitäten auszuüben. Neben den zahlreichen kulturellen Attraktionen, wie Hofburg, Schloss Schönbrunn, dem neuen Parlament oder dem Donauturm, konnten sich die Schülerinnen und Schüler immer wieder sportlich betätigen. So wurde beispielsweise am Flakturm geklettert und in einer riesigen Indoor-Sporthalle hatten die Jugendlichen die Möglichkeit, verschiedenste Sportarten auszuprobieren. Das ausgewogene Verhältnis von Kultur- und Sportprogramm machte diese Woche besonders attraktiv. “Wir hatten eine großartige Zeit in Wien. Besonders gut gefallen haben mir das 5D Kino beim Time Travel sowie das Bowlen. Auch die lustige Zeit im Prater wird mir noch lange in Erinnerung bleiben“, so eine begeisterte Schülerin.</p>						</div>
				</div>
					</div>
		</div>
					</div>
		</section>
				<section class="elementor-section elementor-top-section elementor-element elementor-element-c461b9d elementor-section-boxed elementor-section-height-default elementor-section-height-default" data-id="c461b9d" data-element_type="section">
						<div class="elementor-container elementor-column-gap-default">
					<div class="elementor-column elementor-col-100 elementor-top-column elementor-element elementor-element-70d6ea8" data-id="70d6ea8" data-element_type="column">
			<div class="elementor-widget-wrap elementor-element-populated">
						<div class="elementor-element elementor-element-0c8a277 elementor-widget elementor-widget-gallery" data-id="0c8a277" data-element_type="widget" data-settings="{&quot;gap&quot;:{&quot;unit&quot;:&quot;px&quot;,&quot;size&quot;:20,&quot;sizes&quot;:[]},&quot;lazyload&quot;:&quot;yes&quot;,&quot;gallery_layout&quot;:&quot;grid&quot;,&quot;columns&quot;:4,&quot;columns_tablet&quot;:2,&quot;columns_mobile&quot;:1,&quot;gap_tablet&quot;:{&quot;unit&quot;:&quot;px&quot;,&quot;size&quot;:10,&quot;sizes&quot;:[]},&quot;gap_mobile&quot;:{&quot;unit&quot;:&quot;px&quot;,&quot;size&quot;:10,&quot;sizes&quot;:[]},&quot;link_to&quot;:&quot;file&quot;,&quot;aspect_ratio&quot;:&quot;3:2&quot;,&quot;overlay_background&quot;:&quot;yes&quot;,&quot;content_hover_animation&quot;:&quot;fade-in&quot;}" data-widget_type="gallery.default">
				<div class="elementor-widget-container">
					<div class="elementor-gallery__container">
					</div>
			</div>
				</div>
					</div>
		</div>
					</div>
		</section>
				</div>

<p>Eine abwechslungsreiche Woche durften die Schülerinnen und Schüler der vierten Jahrgänge vom 8. – 12. Mai in Wien verbringen. Am Programm stand eine kombinierte Sport- und Projektwoche, deren Ziel es war, die Bundeshauptstadt kennenzulernen und besondere sportliche Aktivitäten auszuüben. Neben den zahlreichen kulturellen Attraktionen, wie Hofburg, Schloss Schönbrunn, dem neuen Parlament oder dem Donauturm, konnten [&hellip;]</p>
