{"id":6518,"date":"2025-04-10T16:25:03","date_gmt":"2025-04-10T16:25:03","guid":{"rendered":"https:\/\/digimittelschule2badgoisern.at\/?page_id=6518"},"modified":"2025-04-10T16:25:50","modified_gmt":"2025-04-10T16:25:50","slug":"lernjob-unterricht-einmal-anders","status":"publish","type":"page","link":"https:\/\/digimittelschule2badgoisern.at\/?page_id=6518","title":{"rendered":"Lernjob \u2013 Unterricht einmal anders"},"content":{"rendered":"\t\t<div data-elementor-type=\"wp-page\" data-elementor-id=\"6518\" class=\"elementor elementor-6518\" data-elementor-post-type=\"page\">\n\t\t\t\t\t\t<section class=\"elementor-section elementor-top-section elementor-element elementor-element-4382f71 elementor-section-boxed elementor-section-height-default elementor-section-height-default\" data-id=\"4382f71\" data-element_type=\"section\">\n\t\t\t\t\t\t<div class=\"elementor-container elementor-column-gap-default\">\n\t\t\t\t\t<div class=\"elementor-column elementor-col-100 elementor-top-column elementor-element elementor-element-a0be56b\" data-id=\"a0be56b\" data-element_type=\"column\">\n\t\t\t<div class=\"elementor-widget-wrap elementor-element-populated\">\n\t\t\t\t\t\t<div class=\"elementor-element elementor-element-2c5ad6f elementor-widget elementor-widget-text-editor\" data-id=\"2c5ad6f\" data-element_type=\"widget\" data-widget_type=\"text-editor.default\">\n\t\t\t\t<div class=\"elementor-widget-container\">\n\t\t\t\t\t\t\t<p id=\"E52\" class=\"x-scope qowt-word-para-1\"><span id=\"E53\">F\u00fcr d<\/span><span id=\"E54\">ie Sch\u00fclerinnen und Sch\u00fcler der\u00a0<\/span><span id=\"E56\">digiMS<\/span><span id=\"E58\">\u00a02 Bad Goisern\u00a0<\/span><span id=\"E59\">begann der Unterricht nach den Weihnachtsferien mit einem Highlight.\u00a0<\/span><span id=\"E60\">Am Programm stand f\u00fcr alle der zweimal j\u00e4hrlich stattfindende\u00a0<\/span><span id=\"E62\">Lernjob<\/span><span id=\"E64\">.<\/span><\/p><p id=\"E65\" class=\"x-scope qowt-word-para-1\"><span id=\"E66\">Hierbei handelt es sich<\/span><span id=\"E67\">\u00a0um ein Projekt, bei dem\u00a0<\/span><span id=\"E68\">s<\/span><span id=\"E69\">ich die Kinder f\u00e4cher\u00fcbergreifend eine Woche lang mit einem Thema besch\u00e4ftigen.\u00a0<\/span><span id=\"E70\">Die Sch\u00fclerinnen und Sch\u00fcler erhalten einen Lernplan mit verschiedensten Arbeitsauftr\u00e4gen, die sie eigenst\u00e4ndig\u00a0<\/span><span id=\"E71\">erarbeiten sollen.<\/span><span id=\"E72\">\u00a0Der klassische Regelunterricht wird dabei aufgel\u00f6st und\u00a0<\/span><span id=\"E73\">die Lehrpersonen nehmen die Rolle der unterst\u00fctzenden Fachkraft ein. Besonders ansprechend ist der Aspekt der vielschichtigen Bearbeitungsweise eines Themas, so wurden beispielsweise in den ersten Klassen zu<\/span><span id=\"E74\">\u00a0<\/span><span id=\"E75\">\u201eAustralien\u201c digitale B\u00fccher<\/span><span id=\"E76\">\u00a0<\/span><span id=\"E77\">erstellt oder Bumerangs\u00a0<\/span><span id=\"E78\">angefertigt.\u00a0<\/span><span id=\"E79\">Einen gro\u00dfen Mehrwert\u00a0<\/span><span id=\"E80\">stellt auch die freie Zeiteinteilung dar, die\u00a0<\/span><span id=\"E81\">die Selbstorganisation der Kinder f\u00f6rdert.\u00a0<\/span><span id=\"E82\">Die R\u00fcckmeldungen der Kinder waren auch dieses Mal sehr positiv und die gelungenen Ergebnisse k\u00f6nnen sich sehen lassen.<\/span><\/p>\t\t\t\t\t\t<\/div>\n\t\t\t\t<\/div>\n\t\t\t\t\t<\/div>\n\t\t<\/div>\n\t\t\t\t\t<\/div>\n\t\t<\/section>\n\t\t\t\t<\/div>\n\t\t","protected":false},"excerpt":{"rendered":"<p>F\u00fcr die Sch\u00fclerinnen und Sch\u00fcler der\u00a0digiMS\u00a02 Bad Goisern\u00a0begann der Unterricht nach den Weihnachtsferien mit einem Highlight.\u00a0Am Programm stand f\u00fcr alle der zweimal j\u00e4hrlich stattfindende\u00a0Lernjob. Hierbei handelt es sich\u00a0um ein Projekt, bei dem\u00a0sich die Kinder f\u00e4cher\u00fcbergreifend eine Woche lang mit einem Thema besch\u00e4ftigen.\u00a0Die Sch\u00fclerinnen und Sch\u00fcler erhalten einen Lernplan mit verschiedensten Arbeitsauftr\u00e4gen, die sie eigenst\u00e4ndig\u00a0erarbeiten sollen.\u00a0Der [&hellip;]<\/p>\n","protected":false},"author":1,"featured_media":0,"parent":0,"menu_order":0,"comment_status":"closed","ping_status":"closed","template":"","meta":{"ocean_post_layout":"","ocean_both_sidebars_style":"","ocean_both_sidebars_content_width":0,"ocean_both_sidebars_sidebars_width":0,"ocean_sidebar":"","ocean_second_sidebar":"","ocean_disable_margins":"enable","ocean_add_body_class":"","ocean_shortcode_before_top_bar":"","ocean_shortcode_after_top_bar":"","ocean_shortcode_before_header":"","ocean_shortcode_after_header":"","ocean_has_shortcode":"","ocean_shortcode_after_title":"","ocean_shortcode_before_footer_widgets":"","ocean_shortcode_after_footer_widgets":"","ocean_shortcode_before_footer_bottom":"","ocean_shortcode_after_footer_bottom":"","ocean_display_top_bar":"default","ocean_display_header":"default","ocean_header_style":"","ocean_center_header_left_menu":"","ocean_custom_header_template":"","ocean_custom_logo":0,"ocean_custom_retina_logo":0,"ocean_custom_logo_max_width":0,"ocean_custom_logo_tablet_max_width":0,"ocean_custom_logo_mobile_max_width":0,"ocean_custom_logo_max_height":0,"ocean_custom_logo_tablet_max_height":0,"ocean_custom_logo_mobile_max_height":0,"ocean_header_custom_menu":"","ocean_menu_typo_font_family":"","ocean_menu_typo_font_subset":"","ocean_menu_typo_font_size":0,"ocean_menu_typo_font_size_tablet":0,"ocean_menu_typo_font_size_mobile":0,"ocean_menu_typo_font_size_unit":"px","ocean_menu_typo_font_weight":"","ocean_menu_typo_font_weight_tablet":"","ocean_menu_typo_font_weight_mobile":"","ocean_menu_typo_transform":"","ocean_menu_typo_transform_tablet":"","ocean_menu_typo_transform_mobile":"","ocean_menu_typo_line_height":0,"ocean_menu_typo_line_height_tablet":0,"ocean_menu_typo_line_height_mobile":0,"ocean_menu_typo_line_height_unit":"","ocean_menu_typo_spacing":0,"ocean_menu_typo_spacing_tablet":0,"ocean_menu_typo_spacing_mobile":0,"ocean_menu_typo_spacing_unit":"","ocean_menu_link_color":"","ocean_menu_link_color_hover":"","ocean_menu_link_color_active":"","ocean_menu_link_background":"","ocean_menu_link_hover_background":"","ocean_menu_link_active_background":"","ocean_menu_social_links_bg":"","ocean_menu_social_hover_links_bg":"","ocean_menu_social_links_color":"","ocean_menu_social_hover_links_color":"","ocean_disable_title":"default","ocean_disable_heading":"default","ocean_post_title":"","ocean_post_subheading":"","ocean_post_title_style":"","ocean_post_title_background_color":"","ocean_post_title_background":0,"ocean_post_title_bg_image_position":"","ocean_post_title_bg_image_attachment":"","ocean_post_title_bg_image_repeat":"","ocean_post_title_bg_image_size":"","ocean_post_title_height":0,"ocean_post_title_bg_overlay":0.5,"ocean_post_title_bg_overlay_color":"","ocean_disable_breadcrumbs":"default","ocean_breadcrumbs_color":"","ocean_breadcrumbs_separator_color":"","ocean_breadcrumbs_links_color":"","ocean_breadcrumbs_links_hover_color":"","ocean_display_footer_widgets":"default","ocean_display_footer_bottom":"default","ocean_custom_footer_template":"","footnotes":""},"class_list":["post-6518","page","type-page","status-publish","hentry","entry"],"_links":{"self":[{"href":"https:\/\/digimittelschule2badgoisern.at\/index.php?rest_route=\/wp\/v2\/pages\/6518","targetHints":{"allow":["GET"]}}],"collection":[{"href":"https:\/\/digimittelschule2badgoisern.at\/index.php?rest_route=\/wp\/v2\/pages"}],"about":[{"href":"https:\/\/digimittelschule2badgoisern.at\/index.php?rest_route=\/wp\/v2\/types\/page"}],"author":[{"embeddable":true,"href":"https:\/\/digimittelschule2badgoisern.at\/index.php?rest_route=\/wp\/v2\/users\/1"}],"replies":[{"embeddable":true,"href":"https:\/\/digimittelschule2badgoisern.at\/index.php?rest_route=%2Fwp%2Fv2%2Fcomments&post=6518"}],"version-history":[{"count":4,"href":"https:\/\/digimittelschule2badgoisern.at\/index.php?rest_route=\/wp\/v2\/pages\/6518\/revisions"}],"predecessor-version":[{"id":6522,"href":"https:\/\/digimittelschule2badgoisern.at\/index.php?rest_route=\/wp\/v2\/pages\/6518\/revisions\/6522"}],"wp:attachment":[{"href":"https:\/\/digimittelschule2badgoisern.at\/index.php?rest_route=%2Fwp%2Fv2%2Fmedia&parent=6518"}],"curies":[{"name":"wp","href":"https:\/\/api.w.org\/{rel}","templated":true}]}}