{"id":6558,"date":"2025-04-30T17:24:52","date_gmt":"2025-04-30T17:24:52","guid":{"rendered":"https:\/\/digimittelschule2badgoisern.at\/?page_id=6558"},"modified":"2025-04-30T17:25:37","modified_gmt":"2025-04-30T17:25:37","slug":"volleyball-weihnachtsturnier-2","status":"publish","type":"page","link":"https:\/\/digimittelschule2badgoisern.at\/?page_id=6558","title":{"rendered":"VOLLEYBALL \u2013 Weihnachtsturnier"},"content":{"rendered":"\t\t<div data-elementor-type=\"wp-page\" data-elementor-id=\"6558\" class=\"elementor elementor-6558\" data-elementor-post-type=\"page\">\n\t\t\t\t\t\t<section class=\"elementor-section elementor-top-section elementor-element elementor-element-5f1c76f elementor-section-boxed elementor-section-height-default elementor-section-height-default\" data-id=\"5f1c76f\" data-element_type=\"section\">\n\t\t\t\t\t\t<div class=\"elementor-container elementor-column-gap-default\">\n\t\t\t\t\t<div class=\"elementor-column elementor-col-100 elementor-top-column elementor-element elementor-element-4fc08e4\" data-id=\"4fc08e4\" data-element_type=\"column\">\n\t\t\t<div class=\"elementor-widget-wrap elementor-element-populated\">\n\t\t\t\t\t\t<div class=\"elementor-element elementor-element-c02f324 elementor-widget elementor-widget-text-editor\" data-id=\"c02f324\" data-element_type=\"widget\" data-widget_type=\"text-editor.default\">\n\t\t\t\t<div class=\"elementor-widget-container\">\n\t\t\t\t\t\t\t<p id=\"E50\" class=\"x-scope qowt-word-para-1\"><span id=\"E51\" class=\"qowt-font3-ComicSansMS\">Den sportlichen Abschluss des heurigen Kalenderjahres bildete das mittlerweile zur Tradition gewordene Volleyball-Weihnachtsturnier. Aufgrund der gro\u00dfen Teilnehmerzahl war\u00a0<\/span><span id=\"E52\" class=\"qowt-font3-ComicSansMS\">der\u00a0<\/span><span id=\"E54\" class=\"qowt-font3-ComicSansMS\">Bewerb<\/span><span id=\"E56\" class=\"qowt-font3-ComicSansMS\">\u00a0<\/span><span id=\"E57\" class=\"qowt-font3-ComicSansMS\">aufgeteilt in zwei\u00a0<\/span><span id=\"E58\" class=\"qowt-font3-ComicSansMS\">Teile<\/span><span id=\"E59\" class=\"qowt-font3-ComicSansMS\">.<\/span><\/p><p id=\"E60\" class=\"x-scope qowt-word-para-1\"><span id=\"E61\" class=\"qowt-font3-ComicSansMS\">Zun\u00e4chst fand ein Kleinfeldturnier f\u00fcr die zweiten Klassen statt, das Siegerteam qualifizierte sich dabei f\u00fcr das Finalturnier am Gro\u00dffeld mit den 3. und 4. Klassen.<\/span><span id=\"E62\" class=\"qowt-font3-ComicSansMS\">\u00a0<\/span><span id=\"E63\" class=\"qowt-font3-ComicSansMS\">Zur \u00dcberraschung aller konnte sich diese\u00a0<\/span><span id=\"E64\" class=\"qowt-font3-ComicSansMS\">M<\/span><span id=\"E65\" class=\"qowt-font3-ComicSansMS\">annschaft\u00a0<\/span><span id=\"E66\" class=\"qowt-font3-ComicSansMS\">dabei\u00a0<\/span><span id=\"E67\" class=\"qowt-font3-ComicSansMS\">auch gegen die \u00e4lteren Teams durchsetzen und ging in allen Spielen als Sieger vom Platz.<\/span><\/p><p id=\"E68\" class=\"x-scope qowt-word-para-1\"><span id=\"E69\" class=\"qowt-font3-ComicSansMS\">Beide<\/span><span id=\"E70\" class=\"qowt-font3-ComicSansMS\">\u00a0Turniere waren<\/span><span id=\"E71\" class=\"qowt-font3-ComicSansMS\">\u00a0gepr\u00e4gt von gro\u00dfartigem Einsatz, vielen guten Spielkombinationen und Fairness aller 36 teilnehmenden M\u00e4dchen und Burschen.<\/span><\/p>\t\t\t\t\t\t<\/div>\n\t\t\t\t<\/div>\n\t\t\t\t\t<\/div>\n\t\t<\/div>\n\t\t\t\t\t<\/div>\n\t\t<\/section>\n\t\t\t\t<\/div>\n\t\t","protected":false},"excerpt":{"rendered":"<p>Den sportlichen Abschluss des heurigen Kalenderjahres bildete das mittlerweile zur Tradition gewordene Volleyball-Weihnachtsturnier. Aufgrund der gro\u00dfen Teilnehmerzahl war\u00a0der\u00a0Bewerb\u00a0aufgeteilt in zwei\u00a0Teile. Zun\u00e4chst fand ein Kleinfeldturnier f\u00fcr die zweiten Klassen statt, das Siegerteam qualifizierte sich dabei f\u00fcr das Finalturnier am Gro\u00dffeld mit den 3. und 4. Klassen.\u00a0Zur \u00dcberraschung aller konnte sich diese\u00a0Mannschaft\u00a0dabei\u00a0auch gegen die \u00e4lteren Teams durchsetzen [&hellip;]<\/p>\n","protected":false},"author":1,"featured_media":0,"parent":0,"menu_order":0,"comment_status":"closed","ping_status":"closed","template":"","meta":{"ocean_post_layout":"","ocean_both_sidebars_style":"","ocean_both_sidebars_content_width":0,"ocean_both_sidebars_sidebars_width":0,"ocean_sidebar":"","ocean_second_sidebar":"","ocean_disable_margins":"enable","ocean_add_body_class":"","ocean_shortcode_before_top_bar":"","ocean_shortcode_after_top_bar":"","ocean_shortcode_before_header":"","ocean_shortcode_after_header":"","ocean_has_shortcode":"","ocean_shortcode_after_title":"","ocean_shortcode_before_footer_widgets":"","ocean_shortcode_after_footer_widgets":"","ocean_shortcode_before_footer_bottom":"","ocean_shortcode_after_footer_bottom":"","ocean_display_top_bar":"default","ocean_display_header":"default","ocean_header_style":"","ocean_center_header_left_menu":"","ocean_custom_header_template":"","ocean_custom_logo":0,"ocean_custom_retina_logo":0,"ocean_custom_logo_max_width":0,"ocean_custom_logo_tablet_max_width":0,"ocean_custom_logo_mobile_max_width":0,"ocean_custom_logo_max_height":0,"ocean_custom_logo_tablet_max_height":0,"ocean_custom_logo_mobile_max_height":0,"ocean_header_custom_menu":"","ocean_menu_typo_font_family":"","ocean_menu_typo_font_subset":"","ocean_menu_typo_font_size":0,"ocean_menu_typo_font_size_tablet":0,"ocean_menu_typo_font_size_mobile":0,"ocean_menu_typo_font_size_unit":"px","ocean_menu_typo_font_weight":"","ocean_menu_typo_font_weight_tablet":"","ocean_menu_typo_font_weight_mobile":"","ocean_menu_typo_transform":"","ocean_menu_typo_transform_tablet":"","ocean_menu_typo_transform_mobile":"","ocean_menu_typo_line_height":0,"ocean_menu_typo_line_height_tablet":0,"ocean_menu_typo_line_height_mobile":0,"ocean_menu_typo_line_height_unit":"","ocean_menu_typo_spacing":0,"ocean_menu_typo_spacing_tablet":0,"ocean_menu_typo_spacing_mobile":0,"ocean_menu_typo_spacing_unit":"","ocean_menu_link_color":"","ocean_menu_link_color_hover":"","ocean_menu_link_color_active":"","ocean_menu_link_background":"","ocean_menu_link_hover_background":"","ocean_menu_link_active_background":"","ocean_menu_social_links_bg":"","ocean_menu_social_hover_links_bg":"","ocean_menu_social_links_color":"","ocean_menu_social_hover_links_color":"","ocean_disable_title":"default","ocean_disable_heading":"default","ocean_post_title":"","ocean_post_subheading":"","ocean_post_title_style":"","ocean_post_title_background_color":"","ocean_post_title_background":0,"ocean_post_title_bg_image_position":"","ocean_post_title_bg_image_attachment":"","ocean_post_title_bg_image_repeat":"","ocean_post_title_bg_image_size":"","ocean_post_title_height":0,"ocean_post_title_bg_overlay":0.5,"ocean_post_title_bg_overlay_color":"","ocean_disable_breadcrumbs":"default","ocean_breadcrumbs_color":"","ocean_breadcrumbs_separator_color":"","ocean_breadcrumbs_links_color":"","ocean_breadcrumbs_links_hover_color":"","ocean_display_footer_widgets":"default","ocean_display_footer_bottom":"default","ocean_custom_footer_template":"","footnotes":""},"class_list":["post-6558","page","type-page","status-publish","hentry","entry"],"_links":{"self":[{"href":"https:\/\/digimittelschule2badgoisern.at\/index.php?rest_route=\/wp\/v2\/pages\/6558","targetHints":{"allow":["GET"]}}],"collection":[{"href":"https:\/\/digimittelschule2badgoisern.at\/index.php?rest_route=\/wp\/v2\/pages"}],"about":[{"href":"https:\/\/digimittelschule2badgoisern.at\/index.php?rest_route=\/wp\/v2\/types\/page"}],"author":[{"embeddable":true,"href":"https:\/\/digimittelschule2badgoisern.at\/index.php?rest_route=\/wp\/v2\/users\/1"}],"replies":[{"embeddable":true,"href":"https:\/\/digimittelschule2badgoisern.at\/index.php?rest_route=%2Fwp%2Fv2%2Fcomments&post=6558"}],"version-history":[{"count":4,"href":"https:\/\/digimittelschule2badgoisern.at\/index.php?rest_route=\/wp\/v2\/pages\/6558\/revisions"}],"predecessor-version":[{"id":6562,"href":"https:\/\/digimittelschule2badgoisern.at\/index.php?rest_route=\/wp\/v2\/pages\/6558\/revisions\/6562"}],"wp:attachment":[{"href":"https:\/\/digimittelschule2badgoisern.at\/index.php?rest_route=%2Fwp%2Fv2%2Fmedia&parent=6558"}],"curies":[{"name":"wp","href":"https:\/\/api.w.org\/{rel}","templated":true}]}}