{"id":6729,"date":"2025-06-16T13:36:04","date_gmt":"2025-06-16T13:36:04","guid":{"rendered":"https:\/\/digimittelschule2badgoisern.at\/?page_id=6729"},"modified":"2025-06-16T13:36:49","modified_gmt":"2025-06-16T13:36:49","slug":"sport-und-bewegungstag-einmal-anders","status":"publish","type":"page","link":"https:\/\/digimittelschule2badgoisern.at\/?page_id=6729","title":{"rendered":"Sport- und Bewegungstag einmal anders"},"content":{"rendered":"\t\t<div data-elementor-type=\"wp-page\" data-elementor-id=\"6729\" class=\"elementor elementor-6729\" data-elementor-post-type=\"page\">\n\t\t\t\t\t\t<section class=\"elementor-section elementor-top-section elementor-element elementor-element-6c78405 elementor-section-boxed elementor-section-height-default elementor-section-height-default\" data-id=\"6c78405\" data-element_type=\"section\">\n\t\t\t\t\t\t<div class=\"elementor-container elementor-column-gap-default\">\n\t\t\t\t\t<div class=\"elementor-column elementor-col-100 elementor-top-column elementor-element elementor-element-cb7d9d0\" data-id=\"cb7d9d0\" data-element_type=\"column\">\n\t\t\t<div class=\"elementor-widget-wrap elementor-element-populated\">\n\t\t\t\t\t\t<div class=\"elementor-element elementor-element-344d732 elementor-widget elementor-widget-text-editor\" data-id=\"344d732\" data-element_type=\"widget\" data-widget_type=\"text-editor.default\">\n\t\t\t\t<div class=\"elementor-widget-container\">\n\t\t\t\t\t\t\t<p>Am 23. und 24. April wurden an der MS 2 Bad Goisern zwei Sport- und Bewegungstage in Form eines leichtathletischen Grundlagen- Einzelmehrkampfes abgehalten.<\/p><p>Dabei konnten die Sch\u00fcler und Sch\u00fclerinnen sich in folgenden Disziplinen messen:\u00a0<\/p><ul><li>Laufen (Umkehrsprint \u2013 Umkehrh\u00fcrdenlauf \u2013 Umkehrslalomlauf \u2013 Ausdauerlauf)<\/li><li>Springen (Einbeinsprung \u2013 Zweierhopp \u2013 Dreisprung)<\/li><li>Werfen (Standzielwurf \u2013 \u00dcberkopfwurf)<\/li><\/ul><p>\u00a0<\/p><p>Die Teilnehmer und Teilnehmerinnen zeigten gro\u00dfes Geschick und Engagement, als es darum ging, pers\u00f6nliche Bestleistungen zu erzielen.<\/p><p>Sch\u00fcler und Sch\u00fclerinnen der vierten Klassen unterst\u00fctzten die Veranstaltung, indem sie als Wettkampfrichter zur Verf\u00fcgung standen.<\/p><p>Die erk\u00e4mpften Ergebnisse wurden daraufhin mittels einer Tabelle in entsprechende Punkte umgewandelt. So konnten pro Jahrgang die besten drei weiblichen und m\u00e4nnlichen Sch\u00fcler und Sch\u00fclerinnen bei einer Siegerehrung gek\u00fcrt und mit kleinen Preisen belohnt werden.<\/p>\t\t\t\t\t\t<\/div>\n\t\t\t\t<\/div>\n\t\t\t\t\t<\/div>\n\t\t<\/div>\n\t\t\t\t\t<\/div>\n\t\t<\/section>\n\t\t\t\t<\/div>\n\t\t","protected":false},"excerpt":{"rendered":"<p>Am 23. und 24. April wurden an der MS 2 Bad Goisern zwei Sport- und Bewegungstage in Form eines leichtathletischen Grundlagen- Einzelmehrkampfes abgehalten. Dabei konnten die Sch\u00fcler und Sch\u00fclerinnen sich in folgenden Disziplinen messen:\u00a0 Laufen (Umkehrsprint \u2013 Umkehrh\u00fcrdenlauf \u2013 Umkehrslalomlauf \u2013 Ausdauerlauf) Springen (Einbeinsprung \u2013 Zweierhopp \u2013 Dreisprung) Werfen (Standzielwurf \u2013 \u00dcberkopfwurf) \u00a0 Die Teilnehmer [&hellip;]<\/p>\n","protected":false},"author":1,"featured_media":0,"parent":0,"menu_order":0,"comment_status":"closed","ping_status":"closed","template":"","meta":{"ocean_post_layout":"","ocean_both_sidebars_style":"","ocean_both_sidebars_content_width":0,"ocean_both_sidebars_sidebars_width":0,"ocean_sidebar":"","ocean_second_sidebar":"","ocean_disable_margins":"enable","ocean_add_body_class":"","ocean_shortcode_before_top_bar":"","ocean_shortcode_after_top_bar":"","ocean_shortcode_before_header":"","ocean_shortcode_after_header":"","ocean_has_shortcode":"","ocean_shortcode_after_title":"","ocean_shortcode_before_footer_widgets":"","ocean_shortcode_after_footer_widgets":"","ocean_shortcode_before_footer_bottom":"","ocean_shortcode_after_footer_bottom":"","ocean_display_top_bar":"default","ocean_display_header":"default","ocean_header_style":"","ocean_center_header_left_menu":"","ocean_custom_header_template":"","ocean_custom_logo":0,"ocean_custom_retina_logo":0,"ocean_custom_logo_max_width":0,"ocean_custom_logo_tablet_max_width":0,"ocean_custom_logo_mobile_max_width":0,"ocean_custom_logo_max_height":0,"ocean_custom_logo_tablet_max_height":0,"ocean_custom_logo_mobile_max_height":0,"ocean_header_custom_menu":"","ocean_menu_typo_font_family":"","ocean_menu_typo_font_subset":"","ocean_menu_typo_font_size":0,"ocean_menu_typo_font_size_tablet":0,"ocean_menu_typo_font_size_mobile":0,"ocean_menu_typo_font_size_unit":"px","ocean_menu_typo_font_weight":"","ocean_menu_typo_font_weight_tablet":"","ocean_menu_typo_font_weight_mobile":"","ocean_menu_typo_transform":"","ocean_menu_typo_transform_tablet":"","ocean_menu_typo_transform_mobile":"","ocean_menu_typo_line_height":0,"ocean_menu_typo_line_height_tablet":0,"ocean_menu_typo_line_height_mobile":0,"ocean_menu_typo_line_height_unit":"","ocean_menu_typo_spacing":0,"ocean_menu_typo_spacing_tablet":0,"ocean_menu_typo_spacing_mobile":0,"ocean_menu_typo_spacing_unit":"","ocean_menu_link_color":"","ocean_menu_link_color_hover":"","ocean_menu_link_color_active":"","ocean_menu_link_background":"","ocean_menu_link_hover_background":"","ocean_menu_link_active_background":"","ocean_menu_social_links_bg":"","ocean_menu_social_hover_links_bg":"","ocean_menu_social_links_color":"","ocean_menu_social_hover_links_color":"","ocean_disable_title":"default","ocean_disable_heading":"default","ocean_post_title":"","ocean_post_subheading":"","ocean_post_title_style":"","ocean_post_title_background_color":"","ocean_post_title_background":0,"ocean_post_title_bg_image_position":"","ocean_post_title_bg_image_attachment":"","ocean_post_title_bg_image_repeat":"","ocean_post_title_bg_image_size":"","ocean_post_title_height":0,"ocean_post_title_bg_overlay":0.5,"ocean_post_title_bg_overlay_color":"","ocean_disable_breadcrumbs":"default","ocean_breadcrumbs_color":"","ocean_breadcrumbs_separator_color":"","ocean_breadcrumbs_links_color":"","ocean_breadcrumbs_links_hover_color":"","ocean_display_footer_widgets":"default","ocean_display_footer_bottom":"default","ocean_custom_footer_template":"","footnotes":""},"class_list":["post-6729","page","type-page","status-publish","hentry","entry"],"_links":{"self":[{"href":"https:\/\/digimittelschule2badgoisern.at\/index.php?rest_route=\/wp\/v2\/pages\/6729","targetHints":{"allow":["GET"]}}],"collection":[{"href":"https:\/\/digimittelschule2badgoisern.at\/index.php?rest_route=\/wp\/v2\/pages"}],"about":[{"href":"https:\/\/digimittelschule2badgoisern.at\/index.php?rest_route=\/wp\/v2\/types\/page"}],"author":[{"embeddable":true,"href":"https:\/\/digimittelschule2badgoisern.at\/index.php?rest_route=\/wp\/v2\/users\/1"}],"replies":[{"embeddable":true,"href":"https:\/\/digimittelschule2badgoisern.at\/index.php?rest_route=%2Fwp%2Fv2%2Fcomments&post=6729"}],"version-history":[{"count":7,"href":"https:\/\/digimittelschule2badgoisern.at\/index.php?rest_route=\/wp\/v2\/pages\/6729\/revisions"}],"predecessor-version":[{"id":6736,"href":"https:\/\/digimittelschule2badgoisern.at\/index.php?rest_route=\/wp\/v2\/pages\/6729\/revisions\/6736"}],"wp:attachment":[{"href":"https:\/\/digimittelschule2badgoisern.at\/index.php?rest_route=%2Fwp%2Fv2%2Fmedia&parent=6729"}],"curies":[{"name":"wp","href":"https:\/\/api.w.org\/{rel}","templated":true}]}}