{"id":6752,"date":"2025-07-03T11:53:01","date_gmt":"2025-07-03T11:53:01","guid":{"rendered":"https:\/\/digimittelschule2badgoisern.at\/?page_id=6752"},"modified":"2025-07-03T11:53:41","modified_gmt":"2025-07-03T11:53:41","slug":"schueler-der-digims-2-bad-goisern-erkunden-die-kz-gedenkstaette-ebensee","status":"publish","type":"page","link":"https:\/\/digimittelschule2badgoisern.at\/?page_id=6752","title":{"rendered":"Sch\u00fcler der digiMS 2 Bad Goisern erkunden die KZ Gedenkst\u00e4tte Ebensee"},"content":{"rendered":"\t\t<div data-elementor-type=\"wp-page\" data-elementor-id=\"6752\" class=\"elementor elementor-6752\" data-elementor-post-type=\"page\">\n\t\t\t\t\t\t<section class=\"elementor-section elementor-top-section elementor-element elementor-element-7646528 elementor-section-boxed elementor-section-height-default elementor-section-height-default\" data-id=\"7646528\" data-element_type=\"section\">\n\t\t\t\t\t\t<div class=\"elementor-container elementor-column-gap-default\">\n\t\t\t\t\t<div class=\"elementor-column elementor-col-100 elementor-top-column elementor-element elementor-element-b850c12\" data-id=\"b850c12\" data-element_type=\"column\">\n\t\t\t<div class=\"elementor-widget-wrap elementor-element-populated\">\n\t\t\t\t\t\t<div class=\"elementor-element elementor-element-cc830db elementor-widget elementor-widget-text-editor\" data-id=\"cc830db\" data-element_type=\"widget\" data-widget_type=\"text-editor.default\">\n\t\t\t\t<div class=\"elementor-widget-container\">\n\t\t\t\t\t\t\t<p>Im Rahmen des Geschichtsunterrichts besuchten die beiden vierten Klassen der digiMS 2 Bad Goisern die KZ Gedenkst\u00e4tte in Ebensee, um sich auf eindrucksvolle und lehrreiche Weise mit der Geschichte des Nationalsozialismus auseinanderzusetzen.\u00a0<\/p><p>Die Sch\u00fclerinnen und Sch\u00fcler nahmen an einem informativen Workshop im Museum teil, bei dem sie viel \u00fcber die dunkle Vergangenheit des Ortes erfuhren und die Bedeutung des Gedenkens lernten.\u00a0Im Anschluss erkundeten die Jugendlichen, begleitet von einem versierten Mitarbeiter, den historischen Stollen, der w\u00e4hrend des Zweiten Weltkriegs als Teil des Konzentrationslagers genutzt wurde. Dabei konnten sie die engen G\u00e4nge und die damaligen Lebensbedingungen der H\u00e4ftlinge hautnah erleben.\u00a0Der Besuch wurde durch einen Spaziergang zum Friedhof abgerundet, auf dem die Opfer des KZ Ebensee ihre letzte Ruhe fanden.<\/p><p>Der Ausflug war f\u00fcr die jungen Besucherinnen und Besucher eine wichtige Erfahrung, die ihnen die Bedeutung von Frieden, Toleranz und Menschlichkeit n\u00e4herbrachte. Die Lehrkr\u00e4fte zeigten sich zufrieden mit dem respektvollen und interessierten Verhalten der Sch\u00fclerinnen und Sch\u00fcler w\u00e4hrend des gesamten Besuchs.<\/p>\t\t\t\t\t\t<\/div>\n\t\t\t\t<\/div>\n\t\t\t\t\t<\/div>\n\t\t<\/div>\n\t\t\t\t\t<\/div>\n\t\t<\/section>\n\t\t\t\t<\/div>\n\t\t","protected":false},"excerpt":{"rendered":"<p>Im Rahmen des Geschichtsunterrichts besuchten die beiden vierten Klassen der digiMS 2 Bad Goisern die KZ Gedenkst\u00e4tte in Ebensee, um sich auf eindrucksvolle und lehrreiche Weise mit der Geschichte des Nationalsozialismus auseinanderzusetzen.\u00a0 Die Sch\u00fclerinnen und Sch\u00fcler nahmen an einem informativen Workshop im Museum teil, bei dem sie viel \u00fcber die dunkle Vergangenheit des Ortes erfuhren [&hellip;]<\/p>\n","protected":false},"author":1,"featured_media":0,"parent":0,"menu_order":0,"comment_status":"closed","ping_status":"closed","template":"","meta":{"ocean_post_layout":"","ocean_both_sidebars_style":"","ocean_both_sidebars_content_width":0,"ocean_both_sidebars_sidebars_width":0,"ocean_sidebar":"","ocean_second_sidebar":"","ocean_disable_margins":"enable","ocean_add_body_class":"","ocean_shortcode_before_top_bar":"","ocean_shortcode_after_top_bar":"","ocean_shortcode_before_header":"","ocean_shortcode_after_header":"","ocean_has_shortcode":"","ocean_shortcode_after_title":"","ocean_shortcode_before_footer_widgets":"","ocean_shortcode_after_footer_widgets":"","ocean_shortcode_before_footer_bottom":"","ocean_shortcode_after_footer_bottom":"","ocean_display_top_bar":"default","ocean_display_header":"default","ocean_header_style":"","ocean_center_header_left_menu":"","ocean_custom_header_template":"","ocean_custom_logo":0,"ocean_custom_retina_logo":0,"ocean_custom_logo_max_width":0,"ocean_custom_logo_tablet_max_width":0,"ocean_custom_logo_mobile_max_width":0,"ocean_custom_logo_max_height":0,"ocean_custom_logo_tablet_max_height":0,"ocean_custom_logo_mobile_max_height":0,"ocean_header_custom_menu":"","ocean_menu_typo_font_family":"","ocean_menu_typo_font_subset":"","ocean_menu_typo_font_size":0,"ocean_menu_typo_font_size_tablet":0,"ocean_menu_typo_font_size_mobile":0,"ocean_menu_typo_font_size_unit":"px","ocean_menu_typo_font_weight":"","ocean_menu_typo_font_weight_tablet":"","ocean_menu_typo_font_weight_mobile":"","ocean_menu_typo_transform":"","ocean_menu_typo_transform_tablet":"","ocean_menu_typo_transform_mobile":"","ocean_menu_typo_line_height":0,"ocean_menu_typo_line_height_tablet":0,"ocean_menu_typo_line_height_mobile":0,"ocean_menu_typo_line_height_unit":"","ocean_menu_typo_spacing":0,"ocean_menu_typo_spacing_tablet":0,"ocean_menu_typo_spacing_mobile":0,"ocean_menu_typo_spacing_unit":"","ocean_menu_link_color":"","ocean_menu_link_color_hover":"","ocean_menu_link_color_active":"","ocean_menu_link_background":"","ocean_menu_link_hover_background":"","ocean_menu_link_active_background":"","ocean_menu_social_links_bg":"","ocean_menu_social_hover_links_bg":"","ocean_menu_social_links_color":"","ocean_menu_social_hover_links_color":"","ocean_disable_title":"default","ocean_disable_heading":"default","ocean_post_title":"","ocean_post_subheading":"","ocean_post_title_style":"","ocean_post_title_background_color":"","ocean_post_title_background":0,"ocean_post_title_bg_image_position":"","ocean_post_title_bg_image_attachment":"","ocean_post_title_bg_image_repeat":"","ocean_post_title_bg_image_size":"","ocean_post_title_height":0,"ocean_post_title_bg_overlay":0.5,"ocean_post_title_bg_overlay_color":"","ocean_disable_breadcrumbs":"default","ocean_breadcrumbs_color":"","ocean_breadcrumbs_separator_color":"","ocean_breadcrumbs_links_color":"","ocean_breadcrumbs_links_hover_color":"","ocean_display_footer_widgets":"default","ocean_display_footer_bottom":"default","ocean_custom_footer_template":"","footnotes":""},"class_list":["post-6752","page","type-page","status-publish","hentry","entry"],"_links":{"self":[{"href":"https:\/\/digimittelschule2badgoisern.at\/index.php?rest_route=\/wp\/v2\/pages\/6752","targetHints":{"allow":["GET"]}}],"collection":[{"href":"https:\/\/digimittelschule2badgoisern.at\/index.php?rest_route=\/wp\/v2\/pages"}],"about":[{"href":"https:\/\/digimittelschule2badgoisern.at\/index.php?rest_route=\/wp\/v2\/types\/page"}],"author":[{"embeddable":true,"href":"https:\/\/digimittelschule2badgoisern.at\/index.php?rest_route=\/wp\/v2\/users\/1"}],"replies":[{"embeddable":true,"href":"https:\/\/digimittelschule2badgoisern.at\/index.php?rest_route=%2Fwp%2Fv2%2Fcomments&post=6752"}],"version-history":[{"count":4,"href":"https:\/\/digimittelschule2badgoisern.at\/index.php?rest_route=\/wp\/v2\/pages\/6752\/revisions"}],"predecessor-version":[{"id":6756,"href":"https:\/\/digimittelschule2badgoisern.at\/index.php?rest_route=\/wp\/v2\/pages\/6752\/revisions\/6756"}],"wp:attachment":[{"href":"https:\/\/digimittelschule2badgoisern.at\/index.php?rest_route=%2Fwp%2Fv2%2Fmedia&parent=6752"}],"curies":[{"name":"wp","href":"https:\/\/api.w.org\/{rel}","templated":true}]}}