{"id":6952,"date":"2025-11-06T17:50:34","date_gmt":"2025-11-06T17:50:34","guid":{"rendered":"https:\/\/digimittelschule2badgoisern.at\/?page_id=6952"},"modified":"2025-11-06T17:52:49","modified_gmt":"2025-11-06T17:52:49","slug":"fulminante-musical-auffuehrung-der-digims-2-bad-goisern-begeistert-publikum","status":"publish","type":"page","link":"https:\/\/digimittelschule2badgoisern.at\/?page_id=6952","title":{"rendered":"Fulminante Musical-Auff\u00fchrung der digiMS 2 Bad Goisern begeistert Publikum"},"content":{"rendered":"\t\t<div data-elementor-type=\"wp-page\" data-elementor-id=\"6952\" class=\"elementor elementor-6952\" data-elementor-post-type=\"page\">\n\t\t\t\t\t\t<section class=\"elementor-section elementor-top-section elementor-element elementor-element-0c9c057 elementor-section-boxed elementor-section-height-default elementor-section-height-default\" data-id=\"0c9c057\" data-element_type=\"section\">\n\t\t\t\t\t\t<div class=\"elementor-container elementor-column-gap-default\">\n\t\t\t\t\t<div class=\"elementor-column elementor-col-100 elementor-top-column elementor-element elementor-element-13c03df\" data-id=\"13c03df\" data-element_type=\"column\">\n\t\t\t<div class=\"elementor-widget-wrap elementor-element-populated\">\n\t\t\t\t\t\t<div class=\"elementor-element elementor-element-ddc6947 elementor-widget elementor-widget-text-editor\" data-id=\"ddc6947\" data-element_type=\"widget\" data-widget_type=\"text-editor.default\">\n\t\t\t\t<div class=\"elementor-widget-container\">\n\t\t\t\t\t\t\t<p>In einem Kooperationsprojekt der digiMS 2 Bad Goisern und der Landesmusikschule wurde das Musical \u201eEule findet den Beat\u201c einstudiert und am Donnerstag, den 26. Juni 2025 zum Besten gegeben. Unter der Projektleitung von Gerald Kienast, Reinhard Pilz und Manfred Stimez entstand ein abwechslungsreiches B\u00fchnenst\u00fcck, das Jung und Alt gleicherma\u00dfen in seinen Bann zog.<\/p><p>Im Zentrum der fantasievollen Geschichte steht eine wissbegierige Eule, die auf ihrer Reise verschiedenen Tieren begegnet und dabei in die unterschiedlichsten Musikrichtungen eintaucht. Von klassischer Oper \u00fcber Popmusik bis hin zu traditioneller \u00f6sterreichischer Volks- und Blasmusik \u2013 das gesamte Spektrum wurde eindrucksvoll abgedeckt.<\/p><p>Die jungen Darstellerinnen und Darsteller \u00fcberzeugten durch ihr musikalisches K\u00f6nnen, ihre B\u00fchnenpr\u00e4senz und die abwechslungsreichen Gesangs- und Instrumentaleinlagen. Besonders die aufwendig gestalteten Kost\u00fcme, f\u00fcr die Sigrun Neubacher, Claudia Oberhauser und Stefanie Rack verantwortlich waren, verliehen dem Musical einen besonderen Glanz und unterstrichen den liebevollen Gesamteindruck der Auff\u00fchrung.<\/p><p>Das Publikum lie\u00df sich nicht lange bitten: Mitmachaktionen sorgten f\u00fcr Begeisterung, kaum jemand hielt es auf seinem Platz und der Saal bebte vor Energie. Als kr\u00f6nender Abschluss erklang das gemeinsame Schlusslied, bei dem alle Mitwirkenden und das Publikum gemeinsam sangen und tanzten \u2013 ein emotionaler Moment, der eindrucksvoll zeigte, wie Musik Generationen verbinden kann.<\/p><p>Ein herzliches Dankesch\u00f6n gilt allen Verantwortlichen, den engagierten Sch\u00fclerinnen und Sch\u00fclern sowie den zahlreichen Helferinnen und Helfern im Hintergrund.<\/p>\t\t\t\t\t\t<\/div>\n\t\t\t\t<\/div>\n\t\t\t\t\t<\/div>\n\t\t<\/div>\n\t\t\t\t\t<\/div>\n\t\t<\/section>\n\t\t\t\t<section class=\"elementor-section elementor-top-section elementor-element elementor-element-e86f6e5 elementor-section-boxed elementor-section-height-default elementor-section-height-default\" data-id=\"e86f6e5\" data-element_type=\"section\">\n\t\t\t\t\t\t<div class=\"elementor-container elementor-column-gap-default\">\n\t\t\t\t\t<div class=\"elementor-column elementor-col-100 elementor-top-column elementor-element elementor-element-666deb1\" data-id=\"666deb1\" data-element_type=\"column\">\n\t\t\t<div class=\"elementor-widget-wrap elementor-element-populated\">\n\t\t\t\t\t\t<div class=\"elementor-element elementor-element-592763b elementor-widget elementor-widget-image-gallery\" data-id=\"592763b\" data-element_type=\"widget\" data-widget_type=\"image-gallery.default\">\n\t\t\t\t<div class=\"elementor-widget-container\">\n\t\t\t\t\t<div class=\"elementor-image-gallery\">\n\t\t\t<div id='gallery-1' class='gallery galleryid-6952 gallery-columns-1 gallery-size-medium'><figure class='gallery-item'>\n\t\t\t<div class='gallery-icon landscape'>\n\t\t\t\t<a data-elementor-open-lightbox=\"yes\" data-elementor-lightbox-slideshow=\"592763b\" data-elementor-lightbox-title=\"Musical_Foto1\" data-e-action-hash=\"#elementor-action%3Aaction%3Dlightbox%26settings%3DeyJpZCI6Njc4MywidXJsIjoiaHR0cHM6XC9cL2RpZ2ltaXR0ZWxzY2h1bGUyYmFkZ29pc2Vybi5hdFwvd3AtY29udGVudFwvdXBsb2Fkc1wvMjAyNVwvMDdcL011c2ljYWxfRm90bzEtc2NhbGVkLmpwZyIsInNsaWRlc2hvdyI6IjU5Mjc2M2IifQ%3D%3D\" href='https:\/\/digimittelschule2badgoisern.at\/wp-content\/uploads\/2025\/07\/Musical_Foto1-scaled.jpg'><img fetchpriority=\"high\" decoding=\"async\" width=\"300\" height=\"225\" src=\"https:\/\/digimittelschule2badgoisern.at\/wp-content\/uploads\/2025\/07\/Musical_Foto1-300x225.jpg\" class=\"attachment-medium size-medium\" alt=\"\" srcset=\"https:\/\/digimittelschule2badgoisern.at\/wp-content\/uploads\/2025\/07\/Musical_Foto1-300x225.jpg 300w, https:\/\/digimittelschule2badgoisern.at\/wp-content\/uploads\/2025\/07\/Musical_Foto1-1024x768.jpg 1024w, https:\/\/digimittelschule2badgoisern.at\/wp-content\/uploads\/2025\/07\/Musical_Foto1-768x576.jpg 768w, https:\/\/digimittelschule2badgoisern.at\/wp-content\/uploads\/2025\/07\/Musical_Foto1-1536x1152.jpg 1536w, https:\/\/digimittelschule2badgoisern.at\/wp-content\/uploads\/2025\/07\/Musical_Foto1-2048x1536.jpg 2048w\" sizes=\"(max-width: 300px) 100vw, 300px\" \/><\/a>\n\t\t\t<\/div><\/figure>\n\t\t<\/div>\n\t\t<\/div>\n\t\t\t\t<\/div>\n\t\t\t\t<\/div>\n\t\t\t\t\t<\/div>\n\t\t<\/div>\n\t\t\t\t\t<\/div>\n\t\t<\/section>\n\t\t\t\t<\/div>\n\t\t","protected":false},"excerpt":{"rendered":"<p>In einem Kooperationsprojekt der digiMS 2 Bad Goisern und der Landesmusikschule wurde das Musical \u201eEule findet den Beat\u201c einstudiert und am Donnerstag, den 26. Juni 2025 zum Besten gegeben. Unter der Projektleitung von Gerald Kienast, Reinhard Pilz und Manfred Stimez entstand ein abwechslungsreiches B\u00fchnenst\u00fcck, das Jung und Alt gleicherma\u00dfen in seinen Bann zog. Im Zentrum [&hellip;]<\/p>\n","protected":false},"author":1,"featured_media":0,"parent":0,"menu_order":0,"comment_status":"closed","ping_status":"closed","template":"","meta":{"ocean_post_layout":"","ocean_both_sidebars_style":"","ocean_both_sidebars_content_width":0,"ocean_both_sidebars_sidebars_width":0,"ocean_sidebar":"","ocean_second_sidebar":"","ocean_disable_margins":"enable","ocean_add_body_class":"","ocean_shortcode_before_top_bar":"","ocean_shortcode_after_top_bar":"","ocean_shortcode_before_header":"","ocean_shortcode_after_header":"","ocean_has_shortcode":"","ocean_shortcode_after_title":"","ocean_shortcode_before_footer_widgets":"","ocean_shortcode_after_footer_widgets":"","ocean_shortcode_before_footer_bottom":"","ocean_shortcode_after_footer_bottom":"","ocean_display_top_bar":"default","ocean_display_header":"default","ocean_header_style":"","ocean_center_header_left_menu":"","ocean_custom_header_template":"","ocean_custom_logo":0,"ocean_custom_retina_logo":0,"ocean_custom_logo_max_width":0,"ocean_custom_logo_tablet_max_width":0,"ocean_custom_logo_mobile_max_width":0,"ocean_custom_logo_max_height":0,"ocean_custom_logo_tablet_max_height":0,"ocean_custom_logo_mobile_max_height":0,"ocean_header_custom_menu":"","ocean_menu_typo_font_family":"","ocean_menu_typo_font_subset":"","ocean_menu_typo_font_size":0,"ocean_menu_typo_font_size_tablet":0,"ocean_menu_typo_font_size_mobile":0,"ocean_menu_typo_font_size_unit":"px","ocean_menu_typo_font_weight":"","ocean_menu_typo_font_weight_tablet":"","ocean_menu_typo_font_weight_mobile":"","ocean_menu_typo_transform":"","ocean_menu_typo_transform_tablet":"","ocean_menu_typo_transform_mobile":"","ocean_menu_typo_line_height":0,"ocean_menu_typo_line_height_tablet":0,"ocean_menu_typo_line_height_mobile":0,"ocean_menu_typo_line_height_unit":"","ocean_menu_typo_spacing":0,"ocean_menu_typo_spacing_tablet":0,"ocean_menu_typo_spacing_mobile":0,"ocean_menu_typo_spacing_unit":"","ocean_menu_link_color":"","ocean_menu_link_color_hover":"","ocean_menu_link_color_active":"","ocean_menu_link_background":"","ocean_menu_link_hover_background":"","ocean_menu_link_active_background":"","ocean_menu_social_links_bg":"","ocean_menu_social_hover_links_bg":"","ocean_menu_social_links_color":"","ocean_menu_social_hover_links_color":"","ocean_disable_title":"default","ocean_disable_heading":"default","ocean_post_title":"","ocean_post_subheading":"","ocean_post_title_style":"","ocean_post_title_background_color":"","ocean_post_title_background":0,"ocean_post_title_bg_image_position":"","ocean_post_title_bg_image_attachment":"","ocean_post_title_bg_image_repeat":"","ocean_post_title_bg_image_size":"","ocean_post_title_height":0,"ocean_post_title_bg_overlay":0.5,"ocean_post_title_bg_overlay_color":"","ocean_disable_breadcrumbs":"default","ocean_breadcrumbs_color":"","ocean_breadcrumbs_separator_color":"","ocean_breadcrumbs_links_color":"","ocean_breadcrumbs_links_hover_color":"","ocean_display_footer_widgets":"default","ocean_display_footer_bottom":"default","ocean_custom_footer_template":"","footnotes":""},"class_list":["post-6952","page","type-page","status-publish","hentry","entry"],"_links":{"self":[{"href":"https:\/\/digimittelschule2badgoisern.at\/index.php?rest_route=\/wp\/v2\/pages\/6952","targetHints":{"allow":["GET"]}}],"collection":[{"href":"https:\/\/digimittelschule2badgoisern.at\/index.php?rest_route=\/wp\/v2\/pages"}],"about":[{"href":"https:\/\/digimittelschule2badgoisern.at\/index.php?rest_route=\/wp\/v2\/types\/page"}],"author":[{"embeddable":true,"href":"https:\/\/digimittelschule2badgoisern.at\/index.php?rest_route=\/wp\/v2\/users\/1"}],"replies":[{"embeddable":true,"href":"https:\/\/digimittelschule2badgoisern.at\/index.php?rest_route=%2Fwp%2Fv2%2Fcomments&post=6952"}],"version-history":[{"count":4,"href":"https:\/\/digimittelschule2badgoisern.at\/index.php?rest_route=\/wp\/v2\/pages\/6952\/revisions"}],"predecessor-version":[{"id":6956,"href":"https:\/\/digimittelschule2badgoisern.at\/index.php?rest_route=\/wp\/v2\/pages\/6952\/revisions\/6956"}],"wp:attachment":[{"href":"https:\/\/digimittelschule2badgoisern.at\/index.php?rest_route=%2Fwp%2Fv2%2Fmedia&parent=6952"}],"curies":[{"name":"wp","href":"https:\/\/api.w.org\/{rel}","templated":true}]}}