{"id":7100,"date":"2025-12-09T17:27:42","date_gmt":"2025-12-09T17:27:42","guid":{"rendered":"https:\/\/digimittelschule2badgoisern.at\/?page_id=7100"},"modified":"2025-12-09T17:28:28","modified_gmt":"2025-12-09T17:28:28","slug":"schule-am-bauernhof","status":"publish","type":"page","link":"https:\/\/digimittelschule2badgoisern.at\/?page_id=7100","title":{"rendered":"Schule am Bauernhof"},"content":{"rendered":"\t\t<div data-elementor-type=\"wp-page\" data-elementor-id=\"7100\" class=\"elementor elementor-7100\" data-elementor-post-type=\"page\">\n\t\t\t\t\t\t<section class=\"elementor-section elementor-top-section elementor-element elementor-element-5cb3d47 elementor-section-boxed elementor-section-height-default elementor-section-height-default\" data-id=\"5cb3d47\" data-element_type=\"section\">\n\t\t\t\t\t\t<div class=\"elementor-container elementor-column-gap-default\">\n\t\t\t\t\t<div class=\"elementor-column elementor-col-100 elementor-top-column elementor-element elementor-element-11a27f6\" data-id=\"11a27f6\" data-element_type=\"column\">\n\t\t\t<div class=\"elementor-widget-wrap elementor-element-populated\">\n\t\t\t\t\t\t<div class=\"elementor-element elementor-element-fb1d13e elementor-widget elementor-widget-text-editor\" data-id=\"fb1d13e\" data-element_type=\"widget\" data-widget_type=\"text-editor.default\">\n\t\t\t\t<div class=\"elementor-widget-container\">\n\t\t\t\t\t\t\t<p>F\u00fcr einen Vormittag tauschte die 3a das Klassenzimmer gegen die freie Natur, den Acker, die Wiesen und den Wald. Am Dienstag, den 11.11.2025 besuchten wir den Hof von Familie Gassenbauer in Gschwandt und lernten dabei mehr \u00fcber die Verbindung von Mensch, Tier und Umwelt.<\/p><p>Ein sehr lehrreicher Vormittag mit praktischen \u00dcbungen und Wissen \u00fcber die heimische Landwirtschaft erwartete uns. Die Kinder erfuhren sehr viel \u00fcber die Kreislaufwirtschaft der Familie Gassenbauer sowie die kreative und beispielhafte Verarbeitung aller anfallenden Produkte und durften obendrein noch einige Schmankerl des Hofes verkosten. Eine gelungene Exkursion!<\/p>\t\t\t\t\t\t<\/div>\n\t\t\t\t<\/div>\n\t\t\t\t\t<\/div>\n\t\t<\/div>\n\t\t\t\t\t<\/div>\n\t\t<\/section>\n\t\t\t\t<\/div>\n\t\t","protected":false},"excerpt":{"rendered":"<p>F\u00fcr einen Vormittag tauschte die 3a das Klassenzimmer gegen die freie Natur, den Acker, die Wiesen und den Wald. Am Dienstag, den 11.11.2025 besuchten wir den Hof von Familie Gassenbauer in Gschwandt und lernten dabei mehr \u00fcber die Verbindung von Mensch, Tier und Umwelt. Ein sehr lehrreicher Vormittag mit praktischen \u00dcbungen und Wissen \u00fcber die [&hellip;]<\/p>\n","protected":false},"author":1,"featured_media":0,"parent":0,"menu_order":0,"comment_status":"closed","ping_status":"closed","template":"","meta":{"ocean_post_layout":"","ocean_both_sidebars_style":"","ocean_both_sidebars_content_width":0,"ocean_both_sidebars_sidebars_width":0,"ocean_sidebar":"","ocean_second_sidebar":"","ocean_disable_margins":"enable","ocean_add_body_class":"","ocean_shortcode_before_top_bar":"","ocean_shortcode_after_top_bar":"","ocean_shortcode_before_header":"","ocean_shortcode_after_header":"","ocean_has_shortcode":"","ocean_shortcode_after_title":"","ocean_shortcode_before_footer_widgets":"","ocean_shortcode_after_footer_widgets":"","ocean_shortcode_before_footer_bottom":"","ocean_shortcode_after_footer_bottom":"","ocean_display_top_bar":"default","ocean_display_header":"default","ocean_header_style":"","ocean_center_header_left_menu":"","ocean_custom_header_template":"","ocean_custom_logo":0,"ocean_custom_retina_logo":0,"ocean_custom_logo_max_width":0,"ocean_custom_logo_tablet_max_width":0,"ocean_custom_logo_mobile_max_width":0,"ocean_custom_logo_max_height":0,"ocean_custom_logo_tablet_max_height":0,"ocean_custom_logo_mobile_max_height":0,"ocean_header_custom_menu":"","ocean_menu_typo_font_family":"","ocean_menu_typo_font_subset":"","ocean_menu_typo_font_size":0,"ocean_menu_typo_font_size_tablet":0,"ocean_menu_typo_font_size_mobile":0,"ocean_menu_typo_font_size_unit":"px","ocean_menu_typo_font_weight":"","ocean_menu_typo_font_weight_tablet":"","ocean_menu_typo_font_weight_mobile":"","ocean_menu_typo_transform":"","ocean_menu_typo_transform_tablet":"","ocean_menu_typo_transform_mobile":"","ocean_menu_typo_line_height":0,"ocean_menu_typo_line_height_tablet":0,"ocean_menu_typo_line_height_mobile":0,"ocean_menu_typo_line_height_unit":"","ocean_menu_typo_spacing":0,"ocean_menu_typo_spacing_tablet":0,"ocean_menu_typo_spacing_mobile":0,"ocean_menu_typo_spacing_unit":"","ocean_menu_link_color":"","ocean_menu_link_color_hover":"","ocean_menu_link_color_active":"","ocean_menu_link_background":"","ocean_menu_link_hover_background":"","ocean_menu_link_active_background":"","ocean_menu_social_links_bg":"","ocean_menu_social_hover_links_bg":"","ocean_menu_social_links_color":"","ocean_menu_social_hover_links_color":"","ocean_disable_title":"default","ocean_disable_heading":"default","ocean_post_title":"","ocean_post_subheading":"","ocean_post_title_style":"","ocean_post_title_background_color":"","ocean_post_title_background":0,"ocean_post_title_bg_image_position":"","ocean_post_title_bg_image_attachment":"","ocean_post_title_bg_image_repeat":"","ocean_post_title_bg_image_size":"","ocean_post_title_height":0,"ocean_post_title_bg_overlay":0.5,"ocean_post_title_bg_overlay_color":"","ocean_disable_breadcrumbs":"default","ocean_breadcrumbs_color":"","ocean_breadcrumbs_separator_color":"","ocean_breadcrumbs_links_color":"","ocean_breadcrumbs_links_hover_color":"","ocean_display_footer_widgets":"default","ocean_display_footer_bottom":"default","ocean_custom_footer_template":"","footnotes":""},"class_list":["post-7100","page","type-page","status-publish","hentry","entry"],"_links":{"self":[{"href":"https:\/\/digimittelschule2badgoisern.at\/index.php?rest_route=\/wp\/v2\/pages\/7100","targetHints":{"allow":["GET"]}}],"collection":[{"href":"https:\/\/digimittelschule2badgoisern.at\/index.php?rest_route=\/wp\/v2\/pages"}],"about":[{"href":"https:\/\/digimittelschule2badgoisern.at\/index.php?rest_route=\/wp\/v2\/types\/page"}],"author":[{"embeddable":true,"href":"https:\/\/digimittelschule2badgoisern.at\/index.php?rest_route=\/wp\/v2\/users\/1"}],"replies":[{"embeddable":true,"href":"https:\/\/digimittelschule2badgoisern.at\/index.php?rest_route=%2Fwp%2Fv2%2Fcomments&post=7100"}],"version-history":[{"count":4,"href":"https:\/\/digimittelschule2badgoisern.at\/index.php?rest_route=\/wp\/v2\/pages\/7100\/revisions"}],"predecessor-version":[{"id":7104,"href":"https:\/\/digimittelschule2badgoisern.at\/index.php?rest_route=\/wp\/v2\/pages\/7100\/revisions\/7104"}],"wp:attachment":[{"href":"https:\/\/digimittelschule2badgoisern.at\/index.php?rest_route=%2Fwp%2Fv2%2Fmedia&parent=7100"}],"curies":[{"name":"wp","href":"https:\/\/api.w.org\/{rel}","templated":true}]}}

<div data-elementor-type="wp-page" data-elementor-id="7100" class="elementor elementor-7100" data-elementor-post-type="page">
						<section class="elementor-section elementor-top-section elementor-element elementor-element-5cb3d47 elementor-section-boxed elementor-section-height-default elementor-section-height-default" data-id="5cb3d47" data-element_type="section">
						<div class="elementor-container elementor-column-gap-default">
					<div class="elementor-column elementor-col-100 elementor-top-column elementor-element elementor-element-11a27f6" data-id="11a27f6" data-element_type="column">
			<div class="elementor-widget-wrap elementor-element-populated">
						<div class="elementor-element elementor-element-fb1d13e elementor-widget elementor-widget-text-editor" data-id="fb1d13e" data-element_type="widget" data-widget_type="text-editor.default">
				<div class="elementor-widget-container">
							<p>Für einen Vormittag tauschte die 3a das Klassenzimmer gegen die freie Natur, den Acker, die Wiesen und den Wald. Am Dienstag, den 11.11.2025 besuchten wir den Hof von Familie Gassenbauer in Gschwandt und lernten dabei mehr über die Verbindung von Mensch, Tier und Umwelt.</p><p>Ein sehr lehrreicher Vormittag mit praktischen Übungen und Wissen über die heimische Landwirtschaft erwartete uns. Die Kinder erfuhren sehr viel über die Kreislaufwirtschaft der Familie Gassenbauer sowie die kreative und beispielhafte Verarbeitung aller anfallenden Produkte und durften obendrein noch einige Schmankerl des Hofes verkosten. Eine gelungene Exkursion!</p>						</div>
				</div>
					</div>
		</div>
					</div>
		</section>
				</div>

<p>Für einen Vormittag tauschte die 3a das Klassenzimmer gegen die freie Natur, den Acker, die Wiesen und den Wald. Am Dienstag, den 11.11.2025 besuchten wir den Hof von Familie Gassenbauer in Gschwandt und lernten dabei mehr über die Verbindung von Mensch, Tier und Umwelt. Ein sehr lehrreicher Vormittag mit praktischen Übungen und Wissen über die [&hellip;]</p>
