{"id":7210,"date":"2026-01-22T12:49:51","date_gmt":"2026-01-22T12:49:51","guid":{"rendered":"https:\/\/digimittelschule2badgoisern.at\/?page_id=7210"},"modified":"2026-01-22T12:50:29","modified_gmt":"2026-01-22T12:50:29","slug":"advent-advent","status":"publish","type":"page","link":"https:\/\/digimittelschule2badgoisern.at\/?page_id=7210","title":{"rendered":"Advent, Advent"},"content":{"rendered":"\t\t<div data-elementor-type=\"wp-page\" data-elementor-id=\"7210\" class=\"elementor elementor-7210\" data-elementor-post-type=\"page\">\n\t\t\t\t\t\t<section class=\"elementor-section elementor-top-section elementor-element elementor-element-527d2b3 elementor-section-boxed elementor-section-height-default elementor-section-height-default\" data-id=\"527d2b3\" data-element_type=\"section\">\n\t\t\t\t\t\t<div class=\"elementor-container elementor-column-gap-default\">\n\t\t\t\t\t<div class=\"elementor-column elementor-col-100 elementor-top-column elementor-element elementor-element-c86d8e2\" data-id=\"c86d8e2\" data-element_type=\"column\">\n\t\t\t<div class=\"elementor-widget-wrap elementor-element-populated\">\n\t\t\t\t\t\t<div class=\"elementor-element elementor-element-90cc7ad elementor-widget elementor-widget-text-editor\" data-id=\"90cc7ad\" data-element_type=\"widget\" data-widget_type=\"text-editor.default\">\n\t\t\t\t<div class=\"elementor-widget-container\">\n\t\t\t\t\t\t\t<p>Die Sch\u00fclerinnen und Sch\u00fcler der beiden ersten Klassen banden mit viel Eifer und Engagement zehn Adventkr\u00e4nze aus Tannenreisig f\u00fcr das Schulhaus.<\/p><p>Im Sinne der Nachhaltigkeit wurden hierf\u00fcr die Kranzrohlinge, die B\u00e4nder und Dekoartikel der letzten Jahre wiederverwendet. Die wundersch\u00f6n geschm\u00fcckten Adventkr\u00e4nze sind wahre Hingucker in den Klassenr\u00e4umen und lassen vorweihnachtliche Stimmung aufkommen.\u00a0\u00a0<\/p><p>Die Sch\u00fclerinnen und Sch\u00fcler der ersten Klassen w\u00fcnschen einen sch\u00f6nen Advent!<\/p>\t\t\t\t\t\t<\/div>\n\t\t\t\t<\/div>\n\t\t\t\t\t<\/div>\n\t\t<\/div>\n\t\t\t\t\t<\/div>\n\t\t<\/section>\n\t\t\t\t<\/div>\n\t\t","protected":false},"excerpt":{"rendered":"<p>Die Sch\u00fclerinnen und Sch\u00fcler der beiden ersten Klassen banden mit viel Eifer und Engagement zehn Adventkr\u00e4nze aus Tannenreisig f\u00fcr das Schulhaus. Im Sinne der Nachhaltigkeit wurden hierf\u00fcr die Kranzrohlinge, die B\u00e4nder und Dekoartikel der letzten Jahre wiederverwendet. Die wundersch\u00f6n geschm\u00fcckten Adventkr\u00e4nze sind wahre Hingucker in den Klassenr\u00e4umen und lassen vorweihnachtliche Stimmung aufkommen.\u00a0\u00a0 Die Sch\u00fclerinnen und [&hellip;]<\/p>\n","protected":false},"author":1,"featured_media":0,"parent":0,"menu_order":0,"comment_status":"closed","ping_status":"closed","template":"","meta":{"ocean_post_layout":"","ocean_both_sidebars_style":"","ocean_both_sidebars_content_width":0,"ocean_both_sidebars_sidebars_width":0,"ocean_sidebar":"","ocean_second_sidebar":"","ocean_disable_margins":"enable","ocean_add_body_class":"","ocean_shortcode_before_top_bar":"","ocean_shortcode_after_top_bar":"","ocean_shortcode_before_header":"","ocean_shortcode_after_header":"","ocean_has_shortcode":"","ocean_shortcode_after_title":"","ocean_shortcode_before_footer_widgets":"","ocean_shortcode_after_footer_widgets":"","ocean_shortcode_before_footer_bottom":"","ocean_shortcode_after_footer_bottom":"","ocean_display_top_bar":"default","ocean_display_header":"default","ocean_header_style":"","ocean_center_header_left_menu":"","ocean_custom_header_template":"","ocean_custom_logo":0,"ocean_custom_retina_logo":0,"ocean_custom_logo_max_width":0,"ocean_custom_logo_tablet_max_width":0,"ocean_custom_logo_mobile_max_width":0,"ocean_custom_logo_max_height":0,"ocean_custom_logo_tablet_max_height":0,"ocean_custom_logo_mobile_max_height":0,"ocean_header_custom_menu":"","ocean_menu_typo_font_family":"","ocean_menu_typo_font_subset":"","ocean_menu_typo_font_size":0,"ocean_menu_typo_font_size_tablet":0,"ocean_menu_typo_font_size_mobile":0,"ocean_menu_typo_font_size_unit":"px","ocean_menu_typo_font_weight":"","ocean_menu_typo_font_weight_tablet":"","ocean_menu_typo_font_weight_mobile":"","ocean_menu_typo_transform":"","ocean_menu_typo_transform_tablet":"","ocean_menu_typo_transform_mobile":"","ocean_menu_typo_line_height":0,"ocean_menu_typo_line_height_tablet":0,"ocean_menu_typo_line_height_mobile":0,"ocean_menu_typo_line_height_unit":"","ocean_menu_typo_spacing":0,"ocean_menu_typo_spacing_tablet":0,"ocean_menu_typo_spacing_mobile":0,"ocean_menu_typo_spacing_unit":"","ocean_menu_link_color":"","ocean_menu_link_color_hover":"","ocean_menu_link_color_active":"","ocean_menu_link_background":"","ocean_menu_link_hover_background":"","ocean_menu_link_active_background":"","ocean_menu_social_links_bg":"","ocean_menu_social_hover_links_bg":"","ocean_menu_social_links_color":"","ocean_menu_social_hover_links_color":"","ocean_disable_title":"default","ocean_disable_heading":"default","ocean_post_title":"","ocean_post_subheading":"","ocean_post_title_style":"","ocean_post_title_background_color":"","ocean_post_title_background":0,"ocean_post_title_bg_image_position":"","ocean_post_title_bg_image_attachment":"","ocean_post_title_bg_image_repeat":"","ocean_post_title_bg_image_size":"","ocean_post_title_height":0,"ocean_post_title_bg_overlay":0.5,"ocean_post_title_bg_overlay_color":"","ocean_disable_breadcrumbs":"default","ocean_breadcrumbs_color":"","ocean_breadcrumbs_separator_color":"","ocean_breadcrumbs_links_color":"","ocean_breadcrumbs_links_hover_color":"","ocean_display_footer_widgets":"default","ocean_display_footer_bottom":"default","ocean_custom_footer_template":"","footnotes":""},"class_list":["post-7210","page","type-page","status-publish","hentry","entry"],"_links":{"self":[{"href":"https:\/\/digimittelschule2badgoisern.at\/index.php?rest_route=\/wp\/v2\/pages\/7210","targetHints":{"allow":["GET"]}}],"collection":[{"href":"https:\/\/digimittelschule2badgoisern.at\/index.php?rest_route=\/wp\/v2\/pages"}],"about":[{"href":"https:\/\/digimittelschule2badgoisern.at\/index.php?rest_route=\/wp\/v2\/types\/page"}],"author":[{"embeddable":true,"href":"https:\/\/digimittelschule2badgoisern.at\/index.php?rest_route=\/wp\/v2\/users\/1"}],"replies":[{"embeddable":true,"href":"https:\/\/digimittelschule2badgoisern.at\/index.php?rest_route=%2Fwp%2Fv2%2Fcomments&post=7210"}],"version-history":[{"count":4,"href":"https:\/\/digimittelschule2badgoisern.at\/index.php?rest_route=\/wp\/v2\/pages\/7210\/revisions"}],"predecessor-version":[{"id":7214,"href":"https:\/\/digimittelschule2badgoisern.at\/index.php?rest_route=\/wp\/v2\/pages\/7210\/revisions\/7214"}],"wp:attachment":[{"href":"https:\/\/digimittelschule2badgoisern.at\/index.php?rest_route=%2Fwp%2Fv2%2Fmedia&parent=7210"}],"curies":[{"name":"wp","href":"https:\/\/api.w.org\/{rel}","templated":true}]}}

<div data-elementor-type="wp-page" data-elementor-id="7210" class="elementor elementor-7210" data-elementor-post-type="page">
						<section class="elementor-section elementor-top-section elementor-element elementor-element-527d2b3 elementor-section-boxed elementor-section-height-default elementor-section-height-default" data-id="527d2b3" data-element_type="section">
						<div class="elementor-container elementor-column-gap-default">
					<div class="elementor-column elementor-col-100 elementor-top-column elementor-element elementor-element-c86d8e2" data-id="c86d8e2" data-element_type="column">
			<div class="elementor-widget-wrap elementor-element-populated">
						<div class="elementor-element elementor-element-90cc7ad elementor-widget elementor-widget-text-editor" data-id="90cc7ad" data-element_type="widget" data-widget_type="text-editor.default">
				<div class="elementor-widget-container">
							<p>Die Schülerinnen und Schüler der beiden ersten Klassen banden mit viel Eifer und Engagement zehn Adventkränze aus Tannenreisig für das Schulhaus.</p><p>Im Sinne der Nachhaltigkeit wurden hierfür die Kranzrohlinge, die Bänder und Dekoartikel der letzten Jahre wiederverwendet. Die wunderschön geschmückten Adventkränze sind wahre Hingucker in den Klassenräumen und lassen vorweihnachtliche Stimmung aufkommen.  </p><p>Die Schülerinnen und Schüler der ersten Klassen wünschen einen schönen Advent!</p>						</div>
				</div>
					</div>
		</div>
					</div>
		</section>
				</div>

<p>Die Schülerinnen und Schüler der beiden ersten Klassen banden mit viel Eifer und Engagement zehn Adventkränze aus Tannenreisig für das Schulhaus. Im Sinne der Nachhaltigkeit wurden hierfür die Kranzrohlinge, die Bänder und Dekoartikel der letzten Jahre wiederverwendet. Die wunderschön geschmückten Adventkränze sind wahre Hingucker in den Klassenräumen und lassen vorweihnachtliche Stimmung aufkommen.   Die Schülerinnen und [&hellip;]</p>
