{"id":7333,"date":"2026-04-26T20:31:03","date_gmt":"2026-04-26T20:31:03","guid":{"rendered":"https:\/\/digimittelschule2badgoisern.at\/?page_id=7333"},"modified":"2026-04-26T20:31:38","modified_gmt":"2026-04-26T20:31:38","slug":"grossartige-leistungen-bei-den-bezirkschulskimeisterschaften","status":"publish","type":"page","link":"https:\/\/digimittelschule2badgoisern.at\/?page_id=7333","title":{"rendered":"Gro\u00dfartige Leistungen bei den Bezirkschulskimeisterschaften"},"content":{"rendered":"\t\t<div data-elementor-type=\"wp-page\" data-elementor-id=\"7333\" class=\"elementor elementor-7333\" data-elementor-post-type=\"page\">\n\t\t\t\t\t\t<section class=\"elementor-section elementor-top-section elementor-element elementor-element-774848c elementor-section-boxed elementor-section-height-default elementor-section-height-default\" data-id=\"774848c\" data-element_type=\"section\">\n\t\t\t\t\t\t<div class=\"elementor-container elementor-column-gap-default\">\n\t\t\t\t\t<div class=\"elementor-column elementor-col-100 elementor-top-column elementor-element elementor-element-777fafd\" data-id=\"777fafd\" data-element_type=\"column\">\n\t\t\t<div class=\"elementor-widget-wrap elementor-element-populated\">\n\t\t\t\t\t\t<div class=\"elementor-element elementor-element-3fe64ad elementor-widget elementor-widget-text-editor\" data-id=\"3fe64ad\" data-element_type=\"widget\" data-widget_type=\"text-editor.default\">\n\t\t\t\t<div class=\"elementor-widget-container\">\n\t\t\t\t\t\t\t<p>Am 21. J\u00e4nner fanden die Bezirksschulskimeisterschaften in Gosau statt.<\/p><p>Vier Sch\u00fclerinnen und Sch\u00fcler unserer Schule nahmen am Wettkampf teil, n\u00e4mlich\u00a0<b>Vajda Aliz<\/b>\u00a0und\u00a0<b>Sturm Jonas<\/b>\u00a0aus der\u00a02b Klasse und\u00a0<b>Sunkler Luisa\u00a0<\/b>und\u00a0<b>Pucher Leon<\/b>\u00a0aus der 3c Klasse.\u00a0\u00a0Alle teilnehmenden Sportlerinnen und Sportler schlugen sich wacker.\u00a0<b>Luisa Sunkler<\/b>\u00a0erreichte sogar den\u00a0<b>dritten Platz<\/b>\u00a0und erhielt f\u00fcr ihren Erfolg einen Pokal.\u00a0<\/p><p>Als Schulgemeinschaft sind wir sehr stolz auf euch!<\/p>\t\t\t\t\t\t<\/div>\n\t\t\t\t<\/div>\n\t\t\t\t\t<\/div>\n\t\t<\/div>\n\t\t\t\t\t<\/div>\n\t\t<\/section>\n\t\t\t\t<\/div>\n\t\t","protected":false},"excerpt":{"rendered":"<p>Am 21. J\u00e4nner fanden die Bezirksschulskimeisterschaften in Gosau statt. Vier Sch\u00fclerinnen und Sch\u00fcler unserer Schule nahmen am Wettkampf teil, n\u00e4mlich\u00a0Vajda Aliz\u00a0und\u00a0Sturm Jonas\u00a0aus der\u00a02b Klasse und\u00a0Sunkler Luisa\u00a0und\u00a0Pucher Leon\u00a0aus der 3c Klasse.\u00a0\u00a0Alle teilnehmenden Sportlerinnen und Sportler schlugen sich wacker.\u00a0Luisa Sunkler\u00a0erreichte sogar den\u00a0dritten Platz\u00a0und erhielt f\u00fcr ihren Erfolg einen Pokal.\u00a0 Als Schulgemeinschaft sind wir sehr stolz auf euch!<\/p>\n","protected":false},"author":1,"featured_media":0,"parent":0,"menu_order":0,"comment_status":"closed","ping_status":"closed","template":"","meta":{"ocean_post_layout":"","ocean_both_sidebars_style":"","ocean_both_sidebars_content_width":0,"ocean_both_sidebars_sidebars_width":0,"ocean_sidebar":"","ocean_second_sidebar":"","ocean_disable_margins":"enable","ocean_add_body_class":"","ocean_shortcode_before_top_bar":"","ocean_shortcode_after_top_bar":"","ocean_shortcode_before_header":"","ocean_shortcode_after_header":"","ocean_has_shortcode":"","ocean_shortcode_after_title":"","ocean_shortcode_before_footer_widgets":"","ocean_shortcode_after_footer_widgets":"","ocean_shortcode_before_footer_bottom":"","ocean_shortcode_after_footer_bottom":"","ocean_display_top_bar":"default","ocean_display_header":"default","ocean_header_style":"","ocean_center_header_left_menu":"","ocean_custom_header_template":"","ocean_custom_logo":0,"ocean_custom_retina_logo":0,"ocean_custom_logo_max_width":0,"ocean_custom_logo_tablet_max_width":0,"ocean_custom_logo_mobile_max_width":0,"ocean_custom_logo_max_height":0,"ocean_custom_logo_tablet_max_height":0,"ocean_custom_logo_mobile_max_height":0,"ocean_header_custom_menu":"","ocean_menu_typo_font_family":"","ocean_menu_typo_font_subset":"","ocean_menu_typo_font_size":0,"ocean_menu_typo_font_size_tablet":0,"ocean_menu_typo_font_size_mobile":0,"ocean_menu_typo_font_size_unit":"px","ocean_menu_typo_font_weight":"","ocean_menu_typo_font_weight_tablet":"","ocean_menu_typo_font_weight_mobile":"","ocean_menu_typo_transform":"","ocean_menu_typo_transform_tablet":"","ocean_menu_typo_transform_mobile":"","ocean_menu_typo_line_height":0,"ocean_menu_typo_line_height_tablet":0,"ocean_menu_typo_line_height_mobile":0,"ocean_menu_typo_line_height_unit":"","ocean_menu_typo_spacing":0,"ocean_menu_typo_spacing_tablet":0,"ocean_menu_typo_spacing_mobile":0,"ocean_menu_typo_spacing_unit":"","ocean_menu_link_color":"","ocean_menu_link_color_hover":"","ocean_menu_link_color_active":"","ocean_menu_link_background":"","ocean_menu_link_hover_background":"","ocean_menu_link_active_background":"","ocean_menu_social_links_bg":"","ocean_menu_social_hover_links_bg":"","ocean_menu_social_links_color":"","ocean_menu_social_hover_links_color":"","ocean_disable_title":"default","ocean_disable_heading":"default","ocean_post_title":"","ocean_post_subheading":"","ocean_post_title_style":"","ocean_post_title_background_color":"","ocean_post_title_background":0,"ocean_post_title_bg_image_position":"","ocean_post_title_bg_image_attachment":"","ocean_post_title_bg_image_repeat":"","ocean_post_title_bg_image_size":"","ocean_post_title_height":0,"ocean_post_title_bg_overlay":0.5,"ocean_post_title_bg_overlay_color":"","ocean_disable_breadcrumbs":"default","ocean_breadcrumbs_color":"","ocean_breadcrumbs_separator_color":"","ocean_breadcrumbs_links_color":"","ocean_breadcrumbs_links_hover_color":"","ocean_display_footer_widgets":"default","ocean_display_footer_bottom":"default","ocean_custom_footer_template":"","footnotes":""},"class_list":["post-7333","page","type-page","status-publish","hentry","entry"],"_links":{"self":[{"href":"https:\/\/digimittelschule2badgoisern.at\/index.php?rest_route=\/wp\/v2\/pages\/7333","targetHints":{"allow":["GET"]}}],"collection":[{"href":"https:\/\/digimittelschule2badgoisern.at\/index.php?rest_route=\/wp\/v2\/pages"}],"about":[{"href":"https:\/\/digimittelschule2badgoisern.at\/index.php?rest_route=\/wp\/v2\/types\/page"}],"author":[{"embeddable":true,"href":"https:\/\/digimittelschule2badgoisern.at\/index.php?rest_route=\/wp\/v2\/users\/1"}],"replies":[{"embeddable":true,"href":"https:\/\/digimittelschule2badgoisern.at\/index.php?rest_route=%2Fwp%2Fv2%2Fcomments&post=7333"}],"version-history":[{"count":4,"href":"https:\/\/digimittelschule2badgoisern.at\/index.php?rest_route=\/wp\/v2\/pages\/7333\/revisions"}],"predecessor-version":[{"id":7337,"href":"https:\/\/digimittelschule2badgoisern.at\/index.php?rest_route=\/wp\/v2\/pages\/7333\/revisions\/7337"}],"wp:attachment":[{"href":"https:\/\/digimittelschule2badgoisern.at\/index.php?rest_route=%2Fwp%2Fv2%2Fmedia&parent=7333"}],"curies":[{"name":"wp","href":"https:\/\/api.w.org\/{rel}","templated":true}]}}

Großartige Leistungen bei den Bezirkschulskimeisterschaften

<div data-elementor-type="wp-page" data-elementor-id="7333" class="elementor elementor-7333" data-elementor-post-type="page">
						<section class="elementor-section elementor-top-section elementor-element elementor-element-774848c elementor-section-boxed elementor-section-height-default elementor-section-height-default" data-id="774848c" data-element_type="section">
						<div class="elementor-container elementor-column-gap-default">
					<div class="elementor-column elementor-col-100 elementor-top-column elementor-element elementor-element-777fafd" data-id="777fafd" data-element_type="column">
			<div class="elementor-widget-wrap elementor-element-populated">
						<div class="elementor-element elementor-element-3fe64ad elementor-widget elementor-widget-text-editor" data-id="3fe64ad" data-element_type="widget" data-widget_type="text-editor.default">
				<div class="elementor-widget-container">
							<p>Am 21. Jänner fanden die Bezirksschulskimeisterschaften in Gosau statt.</p><p>Vier Schülerinnen und Schüler unserer Schule nahmen am Wettkampf teil, nämlich <b>Vajda Aliz</b> und <b>Sturm Jonas</b> aus der 2b Klasse und <b>Sunkler Luisa </b>und <b>Pucher Leon</b> aus der 3c Klasse.  Alle teilnehmenden Sportlerinnen und Sportler schlugen sich wacker. <b>Luisa Sunkler</b> erreichte sogar den <b>dritten Platz</b> und erhielt für ihren Erfolg einen Pokal. </p><p>Als Schulgemeinschaft sind wir sehr stolz auf euch!</p>						</div>
				</div>
					</div>
		</div>
					</div>
		</section>
				</div>

<p>Am 21. Jänner fanden die Bezirksschulskimeisterschaften in Gosau statt. Vier Schülerinnen und Schüler unserer Schule nahmen am Wettkampf teil, nämlich Vajda Aliz und Sturm Jonas aus der 2b Klasse und Sunkler Luisa und Pucher Leon aus der 3c Klasse.  Alle teilnehmenden Sportlerinnen und Sportler schlugen sich wacker. Luisa Sunkler erreichte sogar den dritten Platz und erhielt für ihren Erfolg einen Pokal.  Als Schulgemeinschaft sind wir sehr stolz auf euch!</p>
