{"id":7349,"date":"2026-04-28T12:27:00","date_gmt":"2026-04-28T12:27:00","guid":{"rendered":"https:\/\/digimittelschule2badgoisern.at\/?page_id=7349"},"modified":"2026-04-28T12:27:36","modified_gmt":"2026-04-28T12:27:36","slug":"bewegung-gemeinschaft-und-begeisterung-im-schnee-bei-der-wintersportwoche-der-digims-2-bad-goisern","status":"publish","type":"page","link":"https:\/\/digimittelschule2badgoisern.at\/?page_id=7349","title":{"rendered":"Bewegung, Gemeinschaft und Begeisterung im Schnee bei der Wintersportwoche der digiMS 2 Bad Goisern"},"content":{"rendered":"\t\t<div data-elementor-type=\"wp-page\" data-elementor-id=\"7349\" class=\"elementor elementor-7349\" data-elementor-post-type=\"page\">\n\t\t\t\t\t\t<section class=\"elementor-section elementor-top-section elementor-element elementor-element-8f364d0 elementor-section-boxed elementor-section-height-default elementor-section-height-default\" data-id=\"8f364d0\" data-element_type=\"section\">\n\t\t\t\t\t\t<div class=\"elementor-container elementor-column-gap-default\">\n\t\t\t\t\t<div class=\"elementor-column elementor-col-100 elementor-top-column elementor-element elementor-element-71a079e\" data-id=\"71a079e\" data-element_type=\"column\">\n\t\t\t<div class=\"elementor-widget-wrap elementor-element-populated\">\n\t\t\t\t\t\t<div class=\"elementor-element elementor-element-1a9fc9b elementor-widget elementor-widget-text-editor\" data-id=\"1a9fc9b\" data-element_type=\"widget\" data-widget_type=\"text-editor.default\">\n\t\t\t\t<div class=\"elementor-widget-container\">\n\t\t\t\t\t\t\t<p>Bei optimalen Bedingungen fand von 12. bis 16. J\u00e4nner 2026 die diesj\u00e4hrige Wintersportwoche der 2. Klassen der digiMS 2 Bad Goisern statt. Wie auch in den vergangenen Jahren konnte parallel zum Standort-Skikurs im Skigebiet Dachstein West eine abwechslungsreiche Wintersportwoche angeboten werden, die sowohl sportlich als auch sozial ein voller Erfolg war.<\/p><p>Perfektes Winterwetter, Neuschnee kurz vor Beginn der Woche und bestens pr\u00e4parierte Pisten sorgten f\u00fcr ideale Voraussetzungen. Die Skifahrerinnen und Skifahrer nutzten die Gelegenheit, ihre bereits vorhandenen Grundkenntnisse weiter zu vertiefen und ihre Technik zu verbessern \u2013 der Spa\u00df am Skifahren kam dabei selbstverst\u00e4ndlich nicht zu kurz.<\/p><p>Auch f\u00fcr alle Nicht-Skifahrerinnen und Nicht-Skifahrer wurde ein vielf\u00e4ltiges und attraktives Alternativprogramm geboten: Langlaufen, Bobfahren und Eislaufen standen ebenso auf dem Programm wie ein entspannender Tag in der Grimming-Therme. Ein besonderes Naturerlebnis bot das Schneeschuhwandern am Krippenstein. Sportlich und zugleich gesellig wurde es beim Einf\u00fchrungskurs im Eistockschie\u00dfen.<\/p><p>In diesem Zusammenhang geb\u00fchrt dem ESV Lasern, insbesondere Herrn Obenaus Harald, ein gro\u00dfer Dank f\u00fcr den hervorragend organisierten und spannenden Vormittag, der bei den Sch\u00fclerinnen und Sch\u00fclern gro\u00dfen Anklang fand.<\/p><p>Die Wintersportwoche war insgesamt ein voller Erfolg \u2013 sowohl in sportlicher als auch in sozialer Hinsicht. Die Begeisterung und Motivation der Sch\u00fclerinnen und Sch\u00fcler war w\u00e4hrend der gesamten Woche deutlich sp\u00fcrbar und machte diese Tage zu einem unvergesslichen Erlebnis im Zeichen von Bewegung, Natur und Gemeinschaft.<\/p>\t\t\t\t\t\t<\/div>\n\t\t\t\t<\/div>\n\t\t\t\t\t<\/div>\n\t\t<\/div>\n\t\t\t\t\t<\/div>\n\t\t<\/section>\n\t\t\t\t<\/div>\n\t\t","protected":false},"excerpt":{"rendered":"<p>Bei optimalen Bedingungen fand von 12. bis 16. J\u00e4nner 2026 die diesj\u00e4hrige Wintersportwoche der 2. Klassen der digiMS 2 Bad Goisern statt. Wie auch in den vergangenen Jahren konnte parallel zum Standort-Skikurs im Skigebiet Dachstein West eine abwechslungsreiche Wintersportwoche angeboten werden, die sowohl sportlich als auch sozial ein voller Erfolg war. Perfektes Winterwetter, Neuschnee kurz [&hellip;]<\/p>\n","protected":false},"author":1,"featured_media":0,"parent":0,"menu_order":0,"comment_status":"closed","ping_status":"closed","template":"","meta":{"ocean_post_layout":"","ocean_both_sidebars_style":"","ocean_both_sidebars_content_width":0,"ocean_both_sidebars_sidebars_width":0,"ocean_sidebar":"","ocean_second_sidebar":"","ocean_disable_margins":"enable","ocean_add_body_class":"","ocean_shortcode_before_top_bar":"","ocean_shortcode_after_top_bar":"","ocean_shortcode_before_header":"","ocean_shortcode_after_header":"","ocean_has_shortcode":"","ocean_shortcode_after_title":"","ocean_shortcode_before_footer_widgets":"","ocean_shortcode_after_footer_widgets":"","ocean_shortcode_before_footer_bottom":"","ocean_shortcode_after_footer_bottom":"","ocean_display_top_bar":"default","ocean_display_header":"default","ocean_header_style":"","ocean_center_header_left_menu":"","ocean_custom_header_template":"","ocean_custom_logo":0,"ocean_custom_retina_logo":0,"ocean_custom_logo_max_width":0,"ocean_custom_logo_tablet_max_width":0,"ocean_custom_logo_mobile_max_width":0,"ocean_custom_logo_max_height":0,"ocean_custom_logo_tablet_max_height":0,"ocean_custom_logo_mobile_max_height":0,"ocean_header_custom_menu":"","ocean_menu_typo_font_family":"","ocean_menu_typo_font_subset":"","ocean_menu_typo_font_size":0,"ocean_menu_typo_font_size_tablet":0,"ocean_menu_typo_font_size_mobile":0,"ocean_menu_typo_font_size_unit":"px","ocean_menu_typo_font_weight":"","ocean_menu_typo_font_weight_tablet":"","ocean_menu_typo_font_weight_mobile":"","ocean_menu_typo_transform":"","ocean_menu_typo_transform_tablet":"","ocean_menu_typo_transform_mobile":"","ocean_menu_typo_line_height":0,"ocean_menu_typo_line_height_tablet":0,"ocean_menu_typo_line_height_mobile":0,"ocean_menu_typo_line_height_unit":"","ocean_menu_typo_spacing":0,"ocean_menu_typo_spacing_tablet":0,"ocean_menu_typo_spacing_mobile":0,"ocean_menu_typo_spacing_unit":"","ocean_menu_link_color":"","ocean_menu_link_color_hover":"","ocean_menu_link_color_active":"","ocean_menu_link_background":"","ocean_menu_link_hover_background":"","ocean_menu_link_active_background":"","ocean_menu_social_links_bg":"","ocean_menu_social_hover_links_bg":"","ocean_menu_social_links_color":"","ocean_menu_social_hover_links_color":"","ocean_disable_title":"default","ocean_disable_heading":"default","ocean_post_title":"","ocean_post_subheading":"","ocean_post_title_style":"","ocean_post_title_background_color":"","ocean_post_title_background":0,"ocean_post_title_bg_image_position":"","ocean_post_title_bg_image_attachment":"","ocean_post_title_bg_image_repeat":"","ocean_post_title_bg_image_size":"","ocean_post_title_height":0,"ocean_post_title_bg_overlay":0.5,"ocean_post_title_bg_overlay_color":"","ocean_disable_breadcrumbs":"default","ocean_breadcrumbs_color":"","ocean_breadcrumbs_separator_color":"","ocean_breadcrumbs_links_color":"","ocean_breadcrumbs_links_hover_color":"","ocean_display_footer_widgets":"default","ocean_display_footer_bottom":"default","ocean_custom_footer_template":"","footnotes":""},"class_list":["post-7349","page","type-page","status-publish","hentry","entry"],"_links":{"self":[{"href":"https:\/\/digimittelschule2badgoisern.at\/index.php?rest_route=\/wp\/v2\/pages\/7349","targetHints":{"allow":["GET"]}}],"collection":[{"href":"https:\/\/digimittelschule2badgoisern.at\/index.php?rest_route=\/wp\/v2\/pages"}],"about":[{"href":"https:\/\/digimittelschule2badgoisern.at\/index.php?rest_route=\/wp\/v2\/types\/page"}],"author":[{"embeddable":true,"href":"https:\/\/digimittelschule2badgoisern.at\/index.php?rest_route=\/wp\/v2\/users\/1"}],"replies":[{"embeddable":true,"href":"https:\/\/digimittelschule2badgoisern.at\/index.php?rest_route=%2Fwp%2Fv2%2Fcomments&post=7349"}],"version-history":[{"count":4,"href":"https:\/\/digimittelschule2badgoisern.at\/index.php?rest_route=\/wp\/v2\/pages\/7349\/revisions"}],"predecessor-version":[{"id":7353,"href":"https:\/\/digimittelschule2badgoisern.at\/index.php?rest_route=\/wp\/v2\/pages\/7349\/revisions\/7353"}],"wp:attachment":[{"href":"https:\/\/digimittelschule2badgoisern.at\/index.php?rest_route=%2Fwp%2Fv2%2Fmedia&parent=7349"}],"curies":[{"name":"wp","href":"https:\/\/api.w.org\/{rel}","templated":true}]}}