{"id":7367,"date":"2026-05-10T18:32:35","date_gmt":"2026-05-10T18:32:35","guid":{"rendered":"https:\/\/digimittelschule2badgoisern.at\/?page_id=7367"},"modified":"2026-05-10T18:33:29","modified_gmt":"2026-05-10T18:33:29","slug":"lebendiges-brauchtum-digims-2-bad-goisern-begeistert-am-liebstattsonntag","status":"publish","type":"page","link":"https:\/\/digimittelschule2badgoisern.at\/?page_id=7367","title":{"rendered":"Lebendiges Brauchtum: digiMS 2 Bad Goisern begeistert am Liebstattsonntag"},"content":{"rendered":"\t\t<div data-elementor-type=\"wp-page\" data-elementor-id=\"7367\" class=\"elementor elementor-7367\" data-elementor-post-type=\"page\">\n\t\t\t\t\t\t<section class=\"elementor-section elementor-top-section elementor-element elementor-element-825bd2e elementor-section-boxed elementor-section-height-default elementor-section-height-default\" data-id=\"825bd2e\" data-element_type=\"section\">\n\t\t\t\t\t\t<div class=\"elementor-container elementor-column-gap-default\">\n\t\t\t\t\t<div class=\"elementor-column elementor-col-100 elementor-top-column elementor-element elementor-element-609b331\" data-id=\"609b331\" data-element_type=\"column\">\n\t\t\t<div class=\"elementor-widget-wrap elementor-element-populated\">\n\t\t\t\t\t\t<div class=\"elementor-element elementor-element-b28f605 elementor-widget elementor-widget-text-editor\" data-id=\"b28f605\" data-element_type=\"widget\" data-widget_type=\"text-editor.default\">\n\t\t\t\t<div class=\"elementor-widget-container\">\n\t\t\t\t\t\t\t<p>Ein herzliches Fr\u00fchlingsfest: Die traditionelle Veranstaltung am<br \/>Liebstattsonntag, organisiert von den Goldhauben- und Kopftuchfrauen sowie<br \/>dem Heimatverein Bad Goisern, bot den zahlreichen Besucherinnen und<br \/>Besuchern ein abwechslungsreiches Programm.<br \/>Ein besonderes Highlight war der Auftritt der Tanzgruppe der 3. Klassen der digiMS 2<br \/>Bad Goisern. Unter der versierten Leitung von Barbara W\u00f6gerbauer-Windhager<br \/>zeigten die Jugendlichen einen traditionellen \u201cSiebenschritt\u201d sowie einen<br \/>\u201cMarschierboarischen\u201d. Die Begeisterung im Publikum war sp\u00fcrbar, als die jungen<br \/>T\u00e4nzerinnen und T\u00e4nzer mit sichtlich viel Freude ihr K\u00f6nnen pr\u00e4sentierten.<br \/>Begleitet wurde die Tanzgruppe vom Blas- und Volksmusikensemble der Schule. Die<br \/>musikalische Gestaltung, die von den Lehrkr\u00e4ften Reinhard Pilz und Gerald Kienast<br \/>mit den Sch\u00fclerinnen und Sch\u00fclern einstudiert worden war, bot den passenden<br \/>festlichen Rahmen.<br \/>F\u00fcr besonderes Staunen und Anerkennung im Publikum sorgten jedoch nicht nur die<br \/>musikalischen und t\u00e4nzerischen Leistungen, sondern auch die Optik: Die<br \/>Sch\u00fclerinnen trugen selbst gen\u00e4hte Trachtenr\u00f6cke, welche im Rahmen des<br \/>Unterrichtsgegenstandes &amp;quot;Technik und Design&amp;quot; mit Katharina Eisl und Barbara<br \/>W\u00f6gerbauer-Windhager angefertigt wurden. Dass Jugendliche heute noch mit<br \/>solchem Geschick und Ausdauer an der N\u00e4hmaschine sitzen, um eigene<br \/>Trachtenst\u00fccke zu fertigen, beeindruckte besonders.<br \/>Der Auftritt der digiMS 2 Bad Goisern beim Liebstattsonntag war mehr als nur eine<br \/>Schulvorf\u00fchrung \u2013 es war ein starkes Zeichen f\u00fcr eine lebendige Gemeinschaft.<br \/>Wenn Schulen, Vereine und Brauchtumsgruppen so erfolgreich Hand in Hand<br \/>arbeiten, muss man sich um den Fortbestand der Traditionen keine Sorgen machen.<\/p>\t\t\t\t\t\t<\/div>\n\t\t\t\t<\/div>\n\t\t\t\t\t<\/div>\n\t\t<\/div>\n\t\t\t\t\t<\/div>\n\t\t<\/section>\n\t\t\t\t<\/div>\n\t\t","protected":false},"excerpt":{"rendered":"<p>Ein herzliches Fr\u00fchlingsfest: Die traditionelle Veranstaltung amLiebstattsonntag, organisiert von den Goldhauben- und Kopftuchfrauen sowiedem Heimatverein Bad Goisern, bot den zahlreichen Besucherinnen undBesuchern ein abwechslungsreiches Programm.Ein besonderes Highlight war der Auftritt der Tanzgruppe der 3. Klassen der digiMS 2Bad Goisern. Unter der versierten Leitung von Barbara W\u00f6gerbauer-Windhagerzeigten die Jugendlichen einen traditionellen \u201cSiebenschritt\u201d sowie einen\u201cMarschierboarischen\u201d. Die Begeisterung [&hellip;]<\/p>\n","protected":false},"author":1,"featured_media":0,"parent":0,"menu_order":0,"comment_status":"closed","ping_status":"closed","template":"","meta":{"ocean_post_layout":"","ocean_both_sidebars_style":"","ocean_both_sidebars_content_width":0,"ocean_both_sidebars_sidebars_width":0,"ocean_sidebar":"","ocean_second_sidebar":"","ocean_disable_margins":"enable","ocean_add_body_class":"","ocean_shortcode_before_top_bar":"","ocean_shortcode_after_top_bar":"","ocean_shortcode_before_header":"","ocean_shortcode_after_header":"","ocean_has_shortcode":"","ocean_shortcode_after_title":"","ocean_shortcode_before_footer_widgets":"","ocean_shortcode_after_footer_widgets":"","ocean_shortcode_before_footer_bottom":"","ocean_shortcode_after_footer_bottom":"","ocean_display_top_bar":"default","ocean_display_header":"default","ocean_header_style":"","ocean_center_header_left_menu":"","ocean_custom_header_template":"","ocean_custom_logo":0,"ocean_custom_retina_logo":0,"ocean_custom_logo_max_width":0,"ocean_custom_logo_tablet_max_width":0,"ocean_custom_logo_mobile_max_width":0,"ocean_custom_logo_max_height":0,"ocean_custom_logo_tablet_max_height":0,"ocean_custom_logo_mobile_max_height":0,"ocean_header_custom_menu":"","ocean_menu_typo_font_family":"","ocean_menu_typo_font_subset":"","ocean_menu_typo_font_size":0,"ocean_menu_typo_font_size_tablet":0,"ocean_menu_typo_font_size_mobile":0,"ocean_menu_typo_font_size_unit":"px","ocean_menu_typo_font_weight":"","ocean_menu_typo_font_weight_tablet":"","ocean_menu_typo_font_weight_mobile":"","ocean_menu_typo_transform":"","ocean_menu_typo_transform_tablet":"","ocean_menu_typo_transform_mobile":"","ocean_menu_typo_line_height":0,"ocean_menu_typo_line_height_tablet":0,"ocean_menu_typo_line_height_mobile":0,"ocean_menu_typo_line_height_unit":"","ocean_menu_typo_spacing":0,"ocean_menu_typo_spacing_tablet":0,"ocean_menu_typo_spacing_mobile":0,"ocean_menu_typo_spacing_unit":"","ocean_menu_link_color":"","ocean_menu_link_color_hover":"","ocean_menu_link_color_active":"","ocean_menu_link_background":"","ocean_menu_link_hover_background":"","ocean_menu_link_active_background":"","ocean_menu_social_links_bg":"","ocean_menu_social_hover_links_bg":"","ocean_menu_social_links_color":"","ocean_menu_social_hover_links_color":"","ocean_disable_title":"default","ocean_disable_heading":"default","ocean_post_title":"","ocean_post_subheading":"","ocean_post_title_style":"","ocean_post_title_background_color":"","ocean_post_title_background":0,"ocean_post_title_bg_image_position":"","ocean_post_title_bg_image_attachment":"","ocean_post_title_bg_image_repeat":"","ocean_post_title_bg_image_size":"","ocean_post_title_height":0,"ocean_post_title_bg_overlay":0.5,"ocean_post_title_bg_overlay_color":"","ocean_disable_breadcrumbs":"default","ocean_breadcrumbs_color":"","ocean_breadcrumbs_separator_color":"","ocean_breadcrumbs_links_color":"","ocean_breadcrumbs_links_hover_color":"","ocean_display_footer_widgets":"default","ocean_display_footer_bottom":"default","ocean_custom_footer_template":"","footnotes":""},"class_list":["post-7367","page","type-page","status-publish","hentry","entry"],"_links":{"self":[{"href":"https:\/\/digimittelschule2badgoisern.at\/index.php?rest_route=\/wp\/v2\/pages\/7367","targetHints":{"allow":["GET"]}}],"collection":[{"href":"https:\/\/digimittelschule2badgoisern.at\/index.php?rest_route=\/wp\/v2\/pages"}],"about":[{"href":"https:\/\/digimittelschule2badgoisern.at\/index.php?rest_route=\/wp\/v2\/types\/page"}],"author":[{"embeddable":true,"href":"https:\/\/digimittelschule2badgoisern.at\/index.php?rest_route=\/wp\/v2\/users\/1"}],"replies":[{"embeddable":true,"href":"https:\/\/digimittelschule2badgoisern.at\/index.php?rest_route=%2Fwp%2Fv2%2Fcomments&post=7367"}],"version-history":[{"count":4,"href":"https:\/\/digimittelschule2badgoisern.at\/index.php?rest_route=\/wp\/v2\/pages\/7367\/revisions"}],"predecessor-version":[{"id":7371,"href":"https:\/\/digimittelschule2badgoisern.at\/index.php?rest_route=\/wp\/v2\/pages\/7367\/revisions\/7371"}],"wp:attachment":[{"href":"https:\/\/digimittelschule2badgoisern.at\/index.php?rest_route=%2Fwp%2Fv2%2Fmedia&parent=7367"}],"curies":[{"name":"wp","href":"https:\/\/api.w.org\/{rel}","templated":true}]}}